CRAN Package Check Results for Package numbers

Last updated on 2022-12-07 02:51:52 CET.

Flavor Version Tinstall Tcheck Ttotal Status Flags
r-devel-linux-x86_64-debian-clang 0.8-5 4.52 43.00 47.52 OK
r-devel-linux-x86_64-debian-gcc 0.8-5 3.84 32.11 35.95 OK
r-devel-linux-x86_64-fedora-clang 0.8-5 70.01 OK
r-devel-linux-x86_64-fedora-gcc 0.8-5 66.06 OK
r-devel-windows-x86_64 0.8-5 47.00 80.00 127.00 OK
r-patched-linux-x86_64 0.8-5 5.68 38.33 44.01 OK
r-release-linux-x86_64 0.8-5 4.78 38.04 42.82 OK
r-release-macos-arm64 0.8-5 29.00 ERROR
r-release-macos-x86_64 0.8-5 47.00 ERROR
r-release-windows-x86_64 0.8-5 51.00 76.00 127.00 OK
r-oldrel-macos-arm64 0.8-5 28.00 ERROR
r-oldrel-macos-x86_64 0.8-5 50.00 ERROR
r-oldrel-windows-ix86+x86_64 0.8-5 9.00 65.00 74.00 ERROR

Check Details

Version: 0.8-5
Check: PDF version of manual
Result: WARN
    LaTeX errors when creating PDF version.
    This typically indicates Rd problems.
    LaTeX errors found:
    ! Undefined control sequence.
    <argument> x_i = a_i \, \mod
     \, m_i, \quad 1 \le i \le n
    l.562 ...i \, \mod \, m_i, \quad 1 \le i \le n }{}
    
    ! Undefined control sequence.
    <argument> a_i = a_j \, \mod
     \, \gcd (m_i, m_j)
    l.566 \deqn{a_i = a_j \, \mod \, \gcd(m_i, m_j)}{}
Flavors: r-release-macos-arm64, r-release-macos-x86_64

Version: 0.8-5
Check: PDF version of manual without index
Result: ERROR
Flavors: r-release-macos-arm64, r-release-macos-x86_64

Version: 0.8-5
Check: PDF version of manual
Result: WARN
    LaTeX errors when creating PDF version.
    This typically indicates Rd problems.
    LaTeX errors found:
    ! Undefined control sequence.
    <argument> x_i = a_i \, \mod
     \, m_i, \quad 1 \le i \le n
    l.560 ...i \, \mod \, m_i, \quad 1 \le i \le n }{}
    
    ! Undefined control sequence.
    <argument> a_i = a_j \, \mod
     \, \gcd (m_i, m_j)
    l.564 \deqn{a_i = a_j \, \mod \, \gcd(m_i, m_j)}{}
Flavors: r-oldrel-macos-arm64, r-oldrel-macos-x86_64, r-oldrel-windows-ix86+x86_64

Version: 0.8-5
Check: PDF version of manual without hyperrefs or index
Result: ERROR
Flavors: r-oldrel-macos-arm64, r-oldrel-macos-x86_64, r-oldrel-windows-ix86+x86_64