Last updated on 2023-01-31 23:52:24 CET.
Flavor | Version | Tinstall | Tcheck | Ttotal | Status | Flags |
---|---|---|---|---|---|---|
r-devel-linux-x86_64-debian-clang | 1.2.1 | 99.04 | 188.62 | 287.66 | NOTE | |
r-devel-linux-x86_64-debian-gcc | 1.2.1 | 73.18 | 139.56 | 212.74 | NOTE | |
r-devel-linux-x86_64-fedora-clang | 1.2.1 | 384.69 | NOTE | |||
r-devel-linux-x86_64-fedora-gcc | 1.2.1 | 355.32 | NOTE | |||
r-devel-windows-x86_64 | 1.2.1 | 158.00 | 264.00 | 422.00 | NOTE | |
r-patched-linux-x86_64 | 1.2.1 | 87.29 | 179.66 | 266.95 | NOTE | |
r-release-linux-x86_64 | 1.2.1 | 87.67 | 181.20 | 268.87 | NOTE | |
r-release-macos-arm64 | 1.2.1 | 88.00 | NOTE | |||
r-release-macos-x86_64 | 1.2.1 | 133.00 | NOTE | |||
r-release-windows-x86_64 | 1.2.1 | 147.00 | 227.00 | 374.00 | NOTE | |
r-oldrel-macos-arm64 | 1.2.1 | 85.00 | NOTE | |||
r-oldrel-macos-x86_64 | 1.2.1 | 131.00 | NOTE | |||
r-oldrel-windows-ix86+x86_64 | 1.2.1 | 234.00 | 281.00 | 515.00 | NOTE |
Version: 1.2.1
Check: C++ specification
Result: NOTE
Specified C++11: please update to current default of C++17
Flavors: r-devel-linux-x86_64-debian-clang, r-devel-linux-x86_64-debian-gcc, r-devel-linux-x86_64-fedora-clang, r-devel-windows-x86_64
Version: 1.2.1
Check: for GNU extensions in Makefiles
Result: NOTE
GNU make is a SystemRequirements.
Flavors: r-devel-linux-x86_64-debian-clang, r-devel-linux-x86_64-debian-gcc, r-devel-linux-x86_64-fedora-clang, r-devel-linux-x86_64-fedora-gcc, r-devel-windows-x86_64, r-patched-linux-x86_64, r-release-linux-x86_64, r-release-macos-arm64, r-release-macos-x86_64, r-release-windows-x86_64, r-oldrel-macos-arm64, r-oldrel-macos-x86_64, r-oldrel-windows-ix86+x86_64
Version: 1.2.1
Check: package dependencies
Result: NOTE
Imports includes 30 non-default packages.
Importing from so many packages makes the package vulnerable to any of
them becoming unavailable. Move as many as possible to Suggests and
use conditionally.
Flavor: r-devel-linux-x86_64-fedora-clang
Version: 1.2.1
Check: installed package size
Result: NOTE
installed size is 5.1Mb
sub-directories of 1Mb or more:
data 4.2Mb
Flavors: r-devel-linux-x86_64-fedora-clang, r-devel-windows-x86_64, r-release-macos-arm64, r-release-macos-x86_64, r-release-windows-x86_64, r-oldrel-macos-arm64, r-oldrel-macos-x86_64, r-oldrel-windows-ix86+x86_64
Version: 1.2.1
Check: dependencies in R code
Result: NOTE
Namespaces in Imports field not imported from:
‘R.utils’ ‘optparse’ ‘vcfR’
All declared Imports should be used.
Flavors: r-devel-linux-x86_64-fedora-clang, r-devel-linux-x86_64-fedora-gcc