Last updated on 2023-03-30 14:54:02 CEST.
Flavor | Version | Tinstall | Tcheck | Ttotal | Status | Flags |
---|---|---|---|---|---|---|
r-devel-linux-x86_64-debian-clang | 0.3.9 | 10.53 | 132.58 | 143.11 | OK | |
r-devel-linux-x86_64-debian-gcc | 0.3.9 | 9.56 | 98.34 | 107.90 | OK | |
r-devel-linux-x86_64-fedora-clang | 0.3.9 | 174.93 | NOTE | |||
r-devel-linux-x86_64-fedora-gcc | 0.3.9 | 625.85 | NOTE | |||
r-devel-windows-x86_64 | 0.3.9 | 36.00 | 0.00 | 36.00 | OK | |
r-patched-linux-x86_64 | 0.3.9 | 12.04 | 125.88 | 137.92 | OK | |
r-release-linux-x86_64 | 0.3.9 | 10.30 | 125.93 | 136.23 | OK | |
r-release-macos-arm64 | 0.3.9 | 106.00 | NOTE | |||
r-release-macos-x86_64 | 0.3.9 | 275.00 | NOTE | |||
r-release-windows-x86_64 | 0.3.9 | 30.00 | 172.00 | 202.00 | OK | |
r-oldrel-macos-arm64 | 0.3.9 | 166.00 | NOTE | |||
r-oldrel-macos-x86_64 | 0.3.9 | 236.00 | NOTE | |||
r-oldrel-windows-ix86+x86_64 | 0.3.9 | 28.00 | 161.00 | 189.00 | OK |
Version: 0.3.9
Check: dependencies in R code
Result: NOTE
Namespaces in Imports field not imported from:
‘forecast’ ‘rlang’ ‘tsibble’ ‘viridis’
All declared Imports should be used.
Flavors: r-devel-linux-x86_64-fedora-clang, r-devel-linux-x86_64-fedora-gcc, r-release-macos-arm64, r-release-macos-x86_64, r-oldrel-macos-arm64, r-oldrel-macos-x86_64