CRAN Package Check Results for Package nullabor

Last updated on 2021-12-03 08:50:29 CET.

Flavor Version Tinstall Tcheck Ttotal Status Flags
r-devel-linux-x86_64-debian-clang 0.3.9 10.87 324.21 335.08 OK
r-devel-linux-x86_64-debian-gcc 0.3.9 8.33 242.36 250.69 OK
r-devel-linux-x86_64-fedora-clang 0.3.9 384.83 NOTE
r-devel-linux-x86_64-fedora-gcc 0.3.9 383.01 NOTE
r-devel-windows-x86_64-new-UL 0.3.9 25.00 387.00 412.00 OK
r-devel-windows-x86_64-new-TK 0.3.9 NOTE
r-devel-windows-x86_64-old 0.3.9 19.00 289.00 308.00 OK
r-patched-linux-x86_64 0.3.9 9.47 115.71 125.18 OK
r-patched-solaris-x86 0.3.9 212.30 NOTE
r-release-linux-x86_64 0.3.9 9.57 115.34 124.91 OK
r-release-macos-arm64 0.3.9 NOTE
r-release-macos-x86_64 0.3.9 NOTE
r-release-windows-ix86+x86_64 0.3.9 25.00 154.00 179.00 OK
r-oldrel-macos-x86_64 0.3.9 NOTE
r-oldrel-windows-ix86+x86_64 0.3.9 25.00 150.00 175.00 OK

Check Details

Version: 0.3.9
Check: dependencies in R code
Result: NOTE
    Namespaces in Imports field not imported from:
     ‘forecast’ ‘rlang’ ‘tsibble’ ‘viridis’
     All declared Imports should be used.
Flavors: r-devel-linux-x86_64-fedora-clang, r-devel-linux-x86_64-fedora-gcc, r-devel-windows-x86_64-new-TK, r-patched-solaris-x86, r-release-macos-arm64, r-release-macos-x86_64, r-oldrel-macos-x86_64