CRAN Package Check Results for Package nucim

Last updated on 2019-05-22 13:47:26 CEST.

Flavor Version Tinstall Tcheck Ttotal Status Flags
r-devel-linux-x86_64-debian-clang 1.0.6 6.83 63.14 69.97 OK
r-devel-linux-x86_64-debian-gcc 1.0.6 7.02 51.07 58.09 OK
r-devel-linux-x86_64-fedora-clang 1.0.6 90.49 OK
r-devel-linux-x86_64-fedora-gcc 1.0.6 83.96 OK
r-devel-windows-ix86+x86_64 1.0.6 13.00 106.00 119.00 OK
r-patched-linux-x86_64 1.0.6 8.28 64.36 72.64 OK
r-patched-solaris-x86 1.0.6 138.40 OK
r-release-linux-x86_64 1.0.6 6.52 64.35 70.87 OK
r-release-windows-ix86+x86_64 1.0.6 22.00 117.00 139.00 OK
r-release-osx-x86_64 1.0.6 ERROR
r-oldrel-windows-ix86+x86_64 1.0.6 10.00 69.00 79.00 OK
r-oldrel-osx-x86_64 1.0.6 OK

Check Details

Version: 1.0.6
Check: package dependencies
Result: ERROR
    Packages required but not available: 'EBImage', 'bioimagetools'
    
    See section ‘The DESCRIPTION file’ in the ‘Writing R Extensions’
    manual.
Flavor: r-release-osx-x86_64