CRAN Package Check Results for Package nswgeo

Last updated on 2024-04-21 06:06:15 CEST.

Flavor Version Tinstall Tcheck Ttotal Status Flags
r-devel-linux-x86_64-debian-clang 0.4.0 3.43 37.74 41.17 OK
r-devel-linux-x86_64-debian-gcc 0.4.0 2.71 28.77 31.48 OK
r-devel-linux-x86_64-fedora-clang 0.4.0 51.02 NOTE
r-devel-linux-x86_64-fedora-gcc 0.4.0 49.50 NOTE
r-prerel-macos-arm64 0.4.0 22.00 OK
r-prerel-macos-x86_64 0.4.0 47.00 OK
r-prerel-windows-x86_64 0.4.0 5.00 53.00 58.00 OK
r-patched-linux-x86_64 0.4.0 3.47 36.41 39.88 OK
r-release-linux-x86_64 0.4.0 3.11 34.72 37.83 OK
r-release-macos-arm64 0.4.0 31.00 OK
r-release-macos-x86_64 0.4.0 36.00 OK
r-release-windows-x86_64 0.4.0 7.00 55.00 62.00 OK
r-oldrel-macos-arm64 0.4.0 27.00 OK
r-oldrel-windows-x86_64 0.4.0 7.00 58.00 65.00 OK

Check Details

Version: 0.4.0
Check: data for non-ASCII characters
Result: NOTE Note: found 1 marked UTF-8 string Flavors: r-devel-linux-x86_64-fedora-clang, r-devel-linux-x86_64-fedora-gcc