CRAN Package Check Results for Package nse2r

Last updated on 2021-05-16 12:49:43 CEST.

Flavor Version Tinstall Tcheck Ttotal Status Flags
r-devel-linux-x86_64-debian-clang 0.1.4 2.40 24.53 26.93 NOTE
r-devel-linux-x86_64-debian-gcc 0.1.4 2.01 19.89 21.90 NOTE
r-devel-linux-x86_64-fedora-clang 0.1.4 42.68 NOTE
r-devel-linux-x86_64-fedora-gcc 0.1.4 31.87 NOTE
r-devel-windows-ix86+x86_64 0.1.4 6.00 32.00 38.00 NOTE
r-devel-windows-x86_64-gcc10-UCRT 0.1.4 NOTE
r-patched-linux-x86_64 0.1.4 2.76 24.40 27.16 NOTE
r-patched-solaris-x86 0.1.4 50.90 NOTE
r-release-linux-x86_64 0.1.4 2.47 23.81 26.28 OK
r-release-macos-x86_64 0.1.4 OK
r-release-windows-ix86+x86_64 0.1.4 5.00 41.00 46.00 OK
r-oldrel-macos-x86_64 0.1.4 OK
r-oldrel-windows-ix86+x86_64 0.1.4 3.00 37.00 40.00 OK

Check Details

Version: 0.1.4
Check: LazyData
Result: NOTE
     'LazyData' is specified without a 'data' directory
Flavors: r-devel-linux-x86_64-debian-clang, r-devel-linux-x86_64-debian-gcc, r-devel-linux-x86_64-fedora-clang, r-devel-linux-x86_64-fedora-gcc, r-devel-windows-ix86+x86_64, r-devel-windows-x86_64-gcc10-UCRT, r-patched-linux-x86_64, r-patched-solaris-x86