Last updated on 2023-03-27 06:50:14 CEST.
Flavor | Version | Tinstall | Tcheck | Ttotal | Status | Flags |
---|---|---|---|---|---|---|
r-devel-linux-x86_64-debian-clang | 1.2-0 | 1.85 | 19.76 | 21.61 | NOTE | |
r-devel-linux-x86_64-debian-gcc | 1.2-0 | 1.54 | 15.60 | 17.14 | NOTE | |
r-devel-linux-x86_64-fedora-clang | 1.2-0 | 27.42 | NOTE | |||
r-devel-linux-x86_64-fedora-gcc | 1.2-0 | 26.35 | NOTE | |||
r-patched-linux-x86_64 | 1.2-0 | 1.67 | 18.76 | 20.43 | NOTE | |
r-release-linux-x86_64 | 1.2-0 | 1.77 | 20.57 | 22.34 | OK | |
r-release-macos-arm64 | 1.2-0 | 13.00 | OK | |||
r-release-macos-x86_64 | 1.2-0 | 18.00 | OK | |||
r-release-windows-x86_64 | 1.2-0 | 6.00 | 41.00 | 47.00 | OK | |
r-oldrel-macos-arm64 | 1.2-0 | 16.00 | OK | |||
r-oldrel-macos-x86_64 | 1.2-0 | 21.00 | OK | |||
r-oldrel-windows-ix86+x86_64 | 1.2-0 | 4.00 | 24.00 | 28.00 | OK |
Version: 1.2-0
Check: Rd files
Result: NOTE
checkRd: (-1) nppbib.Rd:28: Escaped LaTeX specials: \#
Flavors: r-devel-linux-x86_64-debian-clang, r-devel-linux-x86_64-debian-gcc, r-devel-linux-x86_64-fedora-clang, r-devel-linux-x86_64-fedora-gcc, r-patched-linux-x86_64