CRAN Package Check Results for Package nppbib

Last updated on 2024-04-14 15:50:22 CEST.

Flavor Version Tinstall Tcheck Ttotal Status Flags
r-devel-linux-x86_64-debian-clang 1.2-0 1.74 20.04 21.78 NOTE
r-devel-linux-x86_64-debian-gcc 1.2-0 1.43 15.98 17.41 NOTE
r-devel-linux-x86_64-fedora-clang 1.2-0 27.94 NOTE
r-devel-linux-x86_64-fedora-gcc 1.2-0 26.74 NOTE
r-devel-windows-x86_64 1.2-0 2.00 33.00 35.00 NOTE
r-patched-linux-x86_64 1.2-0 1.80 19.86 21.66 NOTE
r-release-linux-x86_64 1.2-0 1.74 19.74 21.48 NOTE
r-release-macos-arm64 1.2-0 15.00 NOTE
r-release-macos-x86_64 1.2-0 18.00 NOTE
r-release-windows-x86_64 1.2-0 3.00 33.00 36.00 NOTE
r-oldrel-macos-arm64 1.2-0 15.00 OK
r-oldrel-windows-x86_64 1.2-0 6.00 41.00 47.00 OK

Check Details

Version: 1.2-0
Check: Rd files
Result: NOTE checkRd: (-1) nppbib.Rd:28: Escaped LaTeX specials: \# Flavors: r-devel-linux-x86_64-debian-clang, r-devel-linux-x86_64-debian-gcc, r-devel-linux-x86_64-fedora-clang, r-devel-linux-x86_64-fedora-gcc, r-devel-windows-x86_64, r-patched-linux-x86_64, r-release-linux-x86_64, r-release-macos-arm64, r-release-macos-x86_64, r-release-windows-x86_64