Last updated on 2023-03-30 14:54:02 CEST.
Flavor | Version | Tinstall | Tcheck | Ttotal | Status | Flags |
---|---|---|---|---|---|---|
r-devel-linux-x86_64-debian-clang | 0.2.0 | 2.92 | 75.45 | 78.37 | OK | |
r-devel-linux-x86_64-debian-gcc | 0.2.0 | 2.83 | 58.93 | 61.76 | OK | |
r-devel-linux-x86_64-fedora-clang | 0.2.0 | 97.35 | OK | |||
r-devel-linux-x86_64-fedora-gcc | 0.2.0 | 111.02 | OK | |||
r-devel-windows-x86_64 | 0.2.0 | 20.00 | 0.00 | 20.00 | OK | |
r-patched-linux-x86_64 | 0.2.0 | 2.39 | 72.02 | 74.41 | OK | |
r-release-linux-x86_64 | 0.2.0 | 3.49 | 74.90 | 78.39 | OK | |
r-release-macos-arm64 | 0.2.0 | 81.00 | OK | |||
r-release-macos-x86_64 | 0.2.0 | 92.00 | OK | |||
r-release-windows-x86_64 | 0.2.0 | 17.00 | 163.00 | 180.00 | OK | |
r-oldrel-macos-arm64 | 0.2.0 | 87.00 | OK | |||
r-oldrel-macos-x86_64 | 0.2.0 | 94.00 | OK | |||
r-oldrel-windows-ix86+x86_64 | 0.2.0 | 8.00 | 162.00 | 170.00 | NOTE |
Version: 0.2.0
Check: dependencies in R code
Result: NOTE
Initiating curl with CURL_SSL_BACKEND: openssl
Flavor: r-oldrel-windows-ix86+x86_64