CRAN Package Check Results for Package nosoi

Last updated on 2020-07-08 12:49:13 CEST.

Flavor Version Tinstall Tcheck Ttotal Status Flags
r-devel-linux-x86_64-debian-clang 1.0.3 6.61 406.08 412.69 OK
r-devel-linux-x86_64-debian-gcc 1.0.3 4.45 490.28 494.73 OK
r-devel-linux-x86_64-fedora-clang 1.0.3 383.49 OK
r-devel-linux-x86_64-fedora-gcc 1.0.3 347.25 OK
r-devel-windows-ix86+x86_64 1.0.3 12.00 191.00 203.00 OK
r-patched-linux-x86_64 1.0.3 5.80 470.68 476.48 OK
r-patched-solaris-x86 1.0.3 270.40 NOTE
r-release-linux-x86_64 1.0.3 5.91 459.44 465.35 OK
r-release-osx-x86_64 1.0.3 NOTE
r-release-windows-ix86+x86_64 1.0.3 11.00 178.00 189.00 OK
r-oldrel-osx-x86_64 1.0.3 OK
r-oldrel-windows-ix86+x86_64 1.0.3 10.00 261.00 271.00 OK

Check Details

Version: 1.0.3
Check: package dependencies
Result: NOTE
    Package suggested but not available for checking: ‘gifski’
Flavor: r-patched-solaris-x86

Version: 1.0.3
Check: package dependencies
Result: NOTE
    Packages suggested but not available for checking: 'treeio', 'ggtree'
Flavor: r-release-osx-x86_64

Version: 1.0.3
Check: Rd cross-references
Result: NOTE
    Package unavailable to check Rd xrefs: ‘treeio’
Flavor: r-release-osx-x86_64