Last updated on 2023-03-23 20:50:37 CET.
Flavor | Version | Tinstall | Tcheck | Ttotal | Status | Flags |
---|---|---|---|---|---|---|
r-devel-linux-x86_64-debian-clang | 1.0.0 | 5.00 | 49.99 | 54.99 | NOTE | |
r-devel-linux-x86_64-debian-gcc | 1.0.0 | 3.79 | 38.61 | 42.40 | NOTE | |
r-devel-linux-x86_64-fedora-clang | 1.0.0 | 70.24 | NOTE | |||
r-devel-linux-x86_64-fedora-gcc | 1.0.0 | 65.49 | NOTE | |||
r-patched-linux-x86_64 | 1.0.0 | 5.14 | 48.77 | 53.91 | NOTE | |
r-release-linux-x86_64 | 1.0.0 | 3.46 | 48.99 | 52.45 | NOTE | |
r-release-macos-arm64 | 1.0.0 | 24.00 | NOTE | |||
r-release-macos-x86_64 | 1.0.0 | 48.00 | NOTE | |||
r-release-windows-x86_64 | 1.0.0 | 15.00 | 99.00 | 114.00 | NOTE | |
r-oldrel-macos-arm64 | 1.0.0 | 33.00 | NOTE | |||
r-oldrel-macos-x86_64 | 1.0.0 | 43.00 | NOTE | |||
r-oldrel-windows-ix86+x86_64 | 1.0.0 | 13.00 | 80.00 | 93.00 | NOTE |
Version: 1.0.0
Check: LazyData
Result: NOTE
'LazyData' is specified without a 'data' directory
Flavors: r-devel-linux-x86_64-debian-clang, r-devel-linux-x86_64-debian-gcc, r-devel-linux-x86_64-fedora-clang, r-devel-linux-x86_64-fedora-gcc, r-patched-linux-x86_64, r-release-linux-x86_64, r-release-macos-arm64, r-release-macos-x86_64, r-release-windows-x86_64, r-oldrel-macos-arm64, r-oldrel-macos-x86_64, r-oldrel-windows-ix86+x86_64