CRAN Package Check Results for Package nonmemica

Last updated on 2019-04-25 16:51:53 CEST.

Flavor Version Tinstall Tcheck Ttotal Status Flags
r-devel-linux-x86_64-debian-clang 0.8.6 8.51 62.06 70.57 OK
r-devel-linux-x86_64-debian-gcc 0.8.6 7.42 48.26 55.68 OK
r-devel-linux-x86_64-fedora-clang 0.8.6 83.37 OK
r-devel-linux-x86_64-fedora-gcc 0.9.0 83.40 WARN
r-devel-windows-ix86+x86_64 0.8.6 22.00 117.00 139.00 OK
r-patched-linux-x86_64 0.8.6 7.44 62.39 69.83 OK
r-patched-solaris-x86 0.8.6 114.60 OK
r-release-linux-x86_64 0.8.6 6.99 59.87 66.86 OK
r-release-windows-ix86+x86_64 0.8.6 11.00 109.00 120.00 OK
r-release-osx-x86_64 0.8.6 OK
r-oldrel-windows-ix86+x86_64 0.8.6 11.00 121.00 132.00 OK
r-oldrel-osx-x86_64 0.8.6 OK

Check Details

Version: 0.9.0
Check: whether package can be installed
Result: WARN
    Found the following significant warnings:
     Warning: replacing previous import ‘encode::as_factor’ by ‘metaplot::as_factor’ when loading ‘nonmemica’
Flavor: r-devel-linux-x86_64-fedora-gcc