Last updated on 2023-03-27 06:50:14 CEST.
Flavor | Version | Tinstall | Tcheck | Ttotal | Status | Flags |
---|---|---|---|---|---|---|
r-devel-linux-x86_64-debian-clang | 3.0 | 14.60 | 116.33 | 130.93 | NOTE | |
r-devel-linux-x86_64-debian-gcc | 3.0 | 11.50 | 86.39 | 97.89 | NOTE | |
r-devel-linux-x86_64-fedora-clang | 3.0 | 160.06 | NOTE | |||
r-devel-linux-x86_64-fedora-gcc | 3.0 | 151.68 | NOTE | |||
r-patched-linux-x86_64 | 3.0 | 14.23 | 107.07 | 121.30 | NOTE | |
r-release-linux-x86_64 | 3.0 | 9.49 | 107.16 | 116.65 | NOTE | |
r-release-macos-arm64 | 3.0 | 50.00 | NOTE | |||
r-release-macos-x86_64 | 3.0 | 69.00 | NOTE | |||
r-release-windows-x86_64 | 3.0 | 23.00 | 131.00 | 154.00 | NOTE | |
r-oldrel-macos-arm64 | 3.0 | 45.00 | NOTE | |||
r-oldrel-macos-x86_64 | 3.0 | 61.00 | NOTE | |||
r-oldrel-windows-ix86+x86_64 | 3.0 | 31.00 | 134.00 | 165.00 | NOTE |
Version: 3.0
Check: LazyData
Result: NOTE
'LazyData' is specified without a 'data' directory
Flavors: r-devel-linux-x86_64-debian-clang, r-devel-linux-x86_64-debian-gcc, r-devel-linux-x86_64-fedora-clang, r-devel-linux-x86_64-fedora-gcc, r-patched-linux-x86_64, r-release-linux-x86_64, r-release-macos-arm64, r-release-macos-x86_64, r-release-windows-x86_64, r-oldrel-macos-arm64, r-oldrel-macos-x86_64, r-oldrel-windows-ix86+x86_64