CRAN Package Check Results for Package nolock

Last updated on 2024-06-13 08:53:43 CEST.

Flavor Version Tinstall Tcheck Ttotal Status Flags
r-devel-linux-x86_64-debian-clang 1.1.0 3.03 30.56 33.59 OK
r-devel-linux-x86_64-debian-gcc 1.1.0 0.24 1.62 1.86 ERROR
r-devel-linux-x86_64-fedora-clang 1.1.0 42.15 OK
r-devel-linux-x86_64-fedora-gcc 1.1.0 53.65 OK
r-devel-windows-x86_64 1.1.0 4.00 44.00 48.00 OK
r-patched-linux-x86_64 1.1.0 3.53 29.14 32.67 OK
r-release-linux-x86_64 1.1.0 3.56 28.30 31.86 OK
r-release-macos-arm64 1.1.0 22.00 OK
r-release-macos-x86_64 1.1.0 33.00 OK
r-release-windows-x86_64 1.1.0 4.00 45.00 49.00 OK
r-oldrel-macos-arm64 1.1.0 23.00 OK
r-oldrel-macos-x86_64 1.1.0 68.00 OK
r-oldrel-windows-x86_64 1.1.0 4.00 48.00 52.00 OK

Check Details

Version: 1.1.0
Check: package dependencies
Result: ERROR Package required but not available: ‘stringr’ See section ‘The DESCRIPTION file’ in the ‘Writing R Extensions’ manual. Flavor: r-devel-linux-x86_64-debian-gcc