CRAN Package Check Results for Package noctua

Last updated on 2024-03-03 11:54:40 CET.

Flavor Version Tinstall Tcheck Ttotal Status Flags
r-devel-linux-x86_64-debian-clang 2.6.2 9.06 97.99 107.05 NOTE
r-devel-linux-x86_64-debian-gcc 2.6.2 7.74 72.43 80.17 NOTE
r-devel-linux-x86_64-fedora-clang 2.6.2 131.85 NOTE
r-devel-linux-x86_64-fedora-gcc 2.6.2 146.33 NOTE
r-devel-windows-x86_64 2.6.2 9.00 99.00 108.00 OK
r-patched-linux-x86_64 2.6.2 17.78 94.83 112.61 OK
r-release-linux-x86_64 2.6.2 6.13 94.40 100.53 OK
r-release-macos-arm64 2.6.2 49.00 OK
r-release-macos-x86_64 2.6.2 72.00 OK
r-release-windows-x86_64 2.6.2 14.00 113.00 127.00 OK
r-oldrel-macos-arm64 2.6.2 41.00 OK
r-oldrel-windows-x86_64 2.6.2 13.00 110.00 123.00 OK

Check Details

Version: 2.6.2
Check: Rd files
Result: NOTE checkRd: (-1) dbConnect-AthenaDriver-method.Rd:108-110: Lost braces in \itemize; meant \describe ? checkRd: (-1) dbConnect-AthenaDriver-method.Rd:111-113: Lost braces in \itemize; meant \describe ? checkRd: (-1) dbConnect-AthenaDriver-method.Rd:114-117: Lost braces in \itemize; meant \describe ? checkRd: (-1) dbConnect-AthenaDriver-method.Rd:118-120: Lost braces in \itemize; meant \describe ? checkRd: (-1) dbConnect-AthenaDriver-method.Rd:121-124: Lost braces in \itemize; meant \describe ? checkRd: (-1) dbConnect-AthenaDriver-method.Rd:125: Lost braces in \itemize; meant \describe ? Flavors: r-devel-linux-x86_64-debian-clang, r-devel-linux-x86_64-debian-gcc, r-devel-linux-x86_64-fedora-clang, r-devel-linux-x86_64-fedora-gcc