CRAN Package Check Results for Package nnls

Last updated on 2020-07-03 18:47:06 CEST.

Flavor Version Tinstall Tcheck Ttotal Status Flags
r-devel-linux-x86_64-debian-clang 1.4 2.87 18.19 21.06 OK
r-devel-linux-x86_64-debian-gcc 1.4 2.23 14.73 16.96 OK
r-devel-linux-x86_64-fedora-clang 1.4 34.86 NOTE
r-devel-linux-x86_64-fedora-gcc 1.4 25.74 NOTE
r-devel-windows-ix86+x86_64 1.4 15.00 38.00 53.00 OK
r-patched-linux-x86_64 1.4 2.72 18.33 21.05 OK
r-patched-solaris-x86 1.4 40.00 OK
r-release-linux-x86_64 1.4 2.86 18.16 21.02 OK
r-release-osx-x86_64 1.4 OK
r-release-windows-ix86+x86_64 1.4 9.00 45.00 54.00 OK
r-oldrel-osx-x86_64 1.4 OK
r-oldrel-windows-ix86+x86_64 1.4 8.00 46.00 54.00 OK

Check Details

Version: 1.4
Check: Rd cross-references
Result: NOTE
    Undeclared packages ‘quadprog’, ‘bvls’ in Rd xrefs
Flavor: r-devel-linux-x86_64-fedora-clang

Version: 1.4
Check: compiled code
Result: NOTE
    File ‘nnls/libs/nnls.so’:
     Found no calls to: ‘R_registerRoutines’, ‘R_useDynamicSymbols’
    
    It is good practice to register native routines and to disable symbol
    search.
    
    See ‘Writing portable packages’ in the ‘Writing R Extensions’ manual.
Flavors: r-devel-linux-x86_64-fedora-clang, r-devel-linux-x86_64-fedora-gcc