CRAN Package Check Results for Package nncc

Last updated on 2023-01-28 02:57:25 CET.

Flavor Version Tinstall Tcheck Ttotal Status Flags
r-devel-linux-x86_64-debian-clang 1.0.0 19.91 176.68 196.59 WARN
r-devel-linux-x86_64-debian-gcc 1.0.0 14.55 130.34 144.89 WARN
r-devel-linux-x86_64-fedora-clang 1.0.0 242.61 WARN
r-devel-linux-x86_64-fedora-gcc 1.0.0 244.39 WARN
r-patched-linux-x86_64 1.0.0 28.68 169.29 197.97 OK
r-release-linux-x86_64 1.0.0 12.44 167.93 180.37 OK
r-release-macos-arm64 1.0.0 59.00 OK
r-release-macos-x86_64 1.0.0 90.00 OK
r-release-windows-x86_64 1.0.0 26.00 202.00 228.00 OK
r-oldrel-macos-arm64 1.0.0 53.00 OK
r-oldrel-macos-x86_64 1.0.0 92.00 OK
r-oldrel-windows-ix86+x86_64 1.0.0 42.00 242.00 284.00 OK

Check Details

Version: 1.0.0
Check: whether package can be installed
Result: WARN
    Found the following significant warnings:
     ./veclib.h:302:15: warning: a function declaration without a prototype is deprecated in all versions of C [-Wstrict-prototypes]
    See ‘/home/hornik/tmp/R.check/r-devel-clang/Work/PKGS/nncc.Rcheck/00install.out’ for details.
    * used C compiler: ‘Debian clang version 15.0.6’
Flavor: r-devel-linux-x86_64-debian-clang

Version: 1.0.0
Check: whether package can be installed
Result: WARN
    Found the following significant warnings:
     veclib.h:302:6: warning: function declaration isn’t a prototype [-Wstrict-prototypes]
    See ‘/home/hornik/tmp/R.check/r-devel-gcc/Work/PKGS/nncc.Rcheck/00install.out’ for details.
    * used C compiler: ‘gcc-12 (Debian 12.2.0-14) 12.2.0’
Flavor: r-devel-linux-x86_64-debian-gcc

Version: 1.0.0
Check: whether package can be installed
Result: WARN
    Found the following significant warnings:
     ./veclib.h:302:15: warning: a function declaration without a prototype is deprecated in all versions of C [-Wstrict-prototypes]
    See ‘/data/gannet/ripley/R/packages/tests-clang/nncc.Rcheck/00install.out’ for details.
    * used C compiler: ‘clang version 15.0.6’
Flavor: r-devel-linux-x86_64-fedora-clang

Version: 1.0.0
Check: whether package can be installed
Result: WARN
    Found the following significant warnings:
     veclib.h:302:6: warning: function declaration isn’t a prototype [-Wstrict-prototypes]
    See ‘/data/gannet/ripley/R/packages/tests-devel/nncc.Rcheck/00install.out’ for details.
    * used C compiler: ‘gcc (GCC) 12.2.1 20221121 (Red Hat 12.2.1-4)’
Flavor: r-devel-linux-x86_64-fedora-gcc