CRAN Package Check Results for Package nmslibR

Last updated on 2021-06-17 02:50:48 CEST.

Flavor Version Tinstall Tcheck Ttotal Status Flags
r-devel-linux-x86_64-debian-clang 1.0.5 39.27 68.88 108.15 OK
r-devel-linux-x86_64-debian-gcc 1.0.5 25.78 53.66 79.44 OK
r-devel-linux-x86_64-fedora-clang 1.0.5 142.32 OK
r-devel-linux-x86_64-fedora-gcc 1.0.5 126.77 OK
r-devel-windows-x86_64 1.0.5 48.00 74.00 122.00 OK
r-devel-windows-x86_64-gcc10-UCRT 1.0.5 OK
r-patched-linux-x86_64 1.0.5 31.11 66.11 97.22 OK
r-patched-solaris-x86 1.0.5 160.30 OK
r-release-linux-x86_64 1.0.5 28.49 67.02 95.51 OK
r-release-macos-arm64 1.0.5 OK
r-release-macos-x86_64 1.0.5 OK
r-release-windows-ix86+x86_64 1.0.5 85.00 125.00 210.00 NOTE
r-oldrel-macos-x86_64 1.0.5 OK
r-oldrel-windows-ix86+x86_64 1.0.5 63.00 128.00 191.00 NOTE

Check Details

Version: 1.0.5
Check: installed package size
Result: NOTE
     installed size is 5.3Mb
     sub-directories of 1Mb or more:
     libs 2.2Mb
Flavors: r-release-windows-ix86+x86_64, r-oldrel-windows-ix86+x86_64