CRAN Package Check Results for Package nmadb

Last updated on 2022-08-16 05:54:05 CEST.

Flavor Version Tinstall Tcheck Ttotal Status Flags
r-devel-linux-x86_64-debian-clang 1.2.0 2.53 36.46 38.99 OK
r-devel-linux-x86_64-debian-gcc 1.2.0 2.04 27.85 29.89 OK
r-devel-linux-x86_64-fedora-clang 1.2.0 57.24 NOTE
r-devel-linux-x86_64-fedora-gcc 1.2.0 56.03 NOTE
r-devel-windows-x86_64 1.2.0 7.00 66.00 73.00 OK
r-patched-linux-x86_64 1.2.0 1.85 34.95 36.80 OK
r-release-linux-x86_64 1.2.0 2.39 35.33 37.72 OK
r-release-macos-arm64 1.2.0 42.00 NOTE
r-release-macos-x86_64 1.2.0 52.00 NOTE
r-release-windows-x86_64 1.2.0 6.00 66.00 72.00 OK
r-oldrel-macos-arm64 1.2.0 41.00 NOTE
r-oldrel-macos-x86_64 1.2.0 1803.00 NOTE
r-oldrel-windows-ix86+x86_64 1.2.0 7.00 51.00 58.00 OK

Check Details

Version: 1.2.0
Check: dependencies in R code
Result: NOTE
    Namespaces in Imports field not imported from:
     ‘devtools’ ‘jsonlite’
     All declared Imports should be used.
Flavors: r-devel-linux-x86_64-fedora-clang, r-devel-linux-x86_64-fedora-gcc, r-release-macos-arm64, r-release-macos-x86_64, r-oldrel-macos-arm64, r-oldrel-macos-x86_64