CRAN Package Check Results for Package nlstac

Last updated on 2024-06-13 07:50:37 CEST.

Flavor Version Tinstall Tcheck Ttotal Status Flags
r-devel-linux-x86_64-debian-clang 0.2.0 3.13 45.40 48.53 OK
r-devel-linux-x86_64-debian-gcc 0.2.0 0.34 1.66 2.00 ERROR
r-devel-linux-x86_64-fedora-clang 0.2.0 62.38 OK
r-devel-linux-x86_64-fedora-gcc 0.2.0 58.19 OK
r-devel-windows-x86_64 0.2.0 4.00 62.00 66.00 OK
r-patched-linux-x86_64 0.2.0 3.82 44.99 48.81 OK
r-release-linux-x86_64 0.2.0 3.11 44.49 47.60 OK
r-release-macos-arm64 0.2.0 21.00 OK
r-release-macos-x86_64 0.2.0 32.00 OK
r-release-windows-x86_64 0.2.0 5.00 61.00 66.00 OK
r-oldrel-macos-arm64 0.2.0 23.00 OK
r-oldrel-macos-x86_64 0.2.0 42.00 OK
r-oldrel-windows-x86_64 0.2.0 5.00 65.00 70.00 OK

Check Details

Version: 0.2.0
Check: package dependencies
Result: ERROR Package required but not available: ‘stringr’ Package suggested but not available for checking: ‘testthat’ See section ‘The DESCRIPTION file’ in the ‘Writing R Extensions’ manual. Flavor: r-devel-linux-x86_64-debian-gcc