CRAN Package Check Results for Package nloptr

Last updated on 2022-11-27 19:51:36 CET.

Flavor Version Tinstall Tcheck Ttotal Status Flags
r-devel-linux-x86_64-debian-clang 2.0.3 24.91 47.80 72.71 OK
r-devel-linux-x86_64-debian-gcc 2.0.3 26.79 36.56 63.35 OK
r-devel-linux-x86_64-fedora-clang 2.0.3 111.03 OK
r-devel-linux-x86_64-fedora-gcc 2.0.3 115.79 OK
r-devel-windows-x86_64 2.0.3 30.00 123.00 153.00 OK
r-patched-linux-x86_64 2.0.3 27.82 44.79 72.61 OK
r-release-linux-x86_64 2.0.3 24.00 44.28 68.28 OK
r-release-macos-arm64 2.0.3 53.00 NOTE
r-release-macos-x86_64 2.0.3 51.00 NOTE
r-release-windows-x86_64 2.0.3 48.00 112.00 160.00 OK
r-oldrel-macos-arm64 2.0.3 53.00 NOTE
r-oldrel-macos-x86_64 2.0.3 53.00 NOTE
r-oldrel-windows-ix86+x86_64 2.0.3 65.00 116.00 181.00 OK

Check Details

Version: 2.0.3
Check: installed package size
Result: NOTE
     installed size is 6.1Mb
     sub-directories of 1Mb or more:
     libs 5.7Mb
Flavors: r-release-macos-arm64, r-release-macos-x86_64, r-oldrel-macos-arm64, r-oldrel-macos-x86_64