CRAN Package Check Results for Package nloptr

Last updated on 2023-06-07 17:55:44 CEST.

Flavor Version Tinstall Tcheck Ttotal Status Flags
r-devel-linux-x86_64-debian-clang 2.0.3 28.27 48.32 76.59 NOTE
r-devel-linux-x86_64-debian-gcc 2.0.3 27.23 36.60 63.83 NOTE
r-devel-linux-x86_64-fedora-clang 2.0.3 101.29 NOTE
r-devel-linux-x86_64-fedora-gcc 2.0.3 118.58 NOTE
r-devel-windows-x86_64 2.0.3 28.00 95.00 123.00 NOTE
r-patched-linux-x86_64 2.0.3 27.87 46.48 74.35 NOTE
r-release-linux-x86_64 2.0.3 21.80 45.83 67.63 NOTE
r-release-macos-arm64 2.0.3 54.00 NOTE
r-release-macos-x86_64 2.0.3 83.00 NOTE
r-release-windows-x86_64 2.0.3 34.00 109.00 143.00 NOTE
r-oldrel-macos-arm64 2.0.3 53.00 NOTE
r-oldrel-macos-x86_64 2.0.3 51.00 NOTE
r-oldrel-windows-x86_64 2.0.3 31.00 89.00 120.00 OK

Check Details

Version: 2.0.3
Check: C++ specification
Result: NOTE
     Specified C++11: please drop specification unless essential
Flavors: r-devel-linux-x86_64-debian-clang, r-devel-linux-x86_64-debian-gcc, r-devel-linux-x86_64-fedora-clang, r-devel-linux-x86_64-fedora-gcc, r-devel-windows-x86_64, r-patched-linux-x86_64, r-release-linux-x86_64, r-release-macos-arm64, r-release-macos-x86_64, r-release-windows-x86_64

Version: 2.0.3
Check: installed package size
Result: NOTE
     installed size is 6.5Mb
     sub-directories of 1Mb or more:
     libs 6.1Mb
Flavors: r-release-macos-arm64, r-release-macos-x86_64, r-oldrel-macos-arm64, r-oldrel-macos-x86_64