CRAN Package Check Results for Package nloptr

Last updated on 2022-06-30 11:53:14 CEST.

Flavor Version Tinstall Tcheck Ttotal Status Flags
r-devel-linux-x86_64-debian-clang 2.0.3 32.52 44.94 77.46 OK
r-devel-linux-x86_64-debian-gcc 2.0.3 27.20 34.20 61.40 OK
r-devel-linux-x86_64-fedora-clang 2.0.3 108.60 OK
r-devel-linux-x86_64-fedora-gcc 2.0.3 111.98 OK
r-devel-windows-x86_64 2.0.3 41.00 107.00 148.00 OK
r-patched-linux-x86_64 2.0.3 21.00 43.71 64.71 OK
r-release-linux-x86_64 2.0.3 21.75 43.94 65.69 OK
r-release-macos-arm64 2.0.3 53.00 NOTE
r-release-macos-x86_64 2.0.3 51.00 NOTE
r-release-windows-x86_64 2.0.3 42.00 99.00 141.00 OK
r-oldrel-macos-arm64 2.0.3 53.00 NOTE
r-oldrel-macos-x86_64 2.0.3 53.00 NOTE
r-oldrel-windows-ix86+x86_64 2.0.3 67.00 115.00 182.00 OK

Check Details

Version: 2.0.3
Check: installed package size
Result: NOTE
     installed size is 6.1Mb
     sub-directories of 1Mb or more:
     libs 5.7Mb
Flavors: r-release-macos-arm64, r-release-macos-x86_64, r-oldrel-macos-arm64, r-oldrel-macos-x86_64