CRAN Package Check Results for Package nlmixr

Last updated on 2020-07-03 17:48:29 CEST.

Flavor Version Tinstall Tcheck Ttotal Status Flags
r-devel-linux-x86_64-debian-clang 1.1.1-9 195.49 254.10 449.59 OK
r-devel-linux-x86_64-debian-gcc 1.1.1-9 168.13 186.94 355.07 OK
r-devel-linux-x86_64-fedora-clang 1.1.1-9 613.57 NOTE
r-devel-linux-x86_64-fedora-gcc 1.1.1-9 577.14 NOTE
r-devel-windows-ix86+x86_64 1.1.1-9 512.00 469.00 981.00 NOTE
r-patched-linux-x86_64 1.1.1-9 210.89 238.00 448.89 OK
r-patched-solaris-x86 1.1.1-9 525.00 NOTE
r-release-linux-x86_64 1.1.1-9 208.32 241.66 449.98 OK
r-release-osx-x86_64 1.1.1-9 NOTE
r-release-windows-ix86+x86_64 1.1.1-9 370.00 432.00 802.00 NOTE
r-oldrel-osx-x86_64 1.1.1-9 NOTE
r-oldrel-windows-ix86+x86_64 1.1.1-9 476.00 588.00 1064.00 NOTE

Check Details

Version: 1.1.1-9
Check: installed package size
Result: NOTE
     installed size is 23.0Mb
     sub-directories of 1Mb or more:
     libs 21.2Mb
Flavors: r-devel-linux-x86_64-fedora-clang, r-devel-windows-ix86+x86_64, r-release-osx-x86_64, r-release-windows-ix86+x86_64, r-oldrel-osx-x86_64, r-oldrel-windows-ix86+x86_64

Version: 1.1.1-9
Check: dependencies in R code
Result: NOTE
    Namespace in Imports field not imported from: ‘stringr’
     All declared Imports should be used.
Flavors: r-devel-linux-x86_64-fedora-clang, r-devel-linux-x86_64-fedora-gcc, r-patched-solaris-x86, r-release-osx-x86_64, r-oldrel-osx-x86_64

Version: 1.1.1-9
Check: Rd cross-references
Result: NOTE
    Undeclared package ‘mvnfast’ in Rd xrefs
Flavor: r-devel-linux-x86_64-fedora-clang