Last updated on 2022-06-25 12:54:29 CEST.
Flavor | Version | Tinstall | Tcheck | Ttotal | Status | Flags |
---|---|---|---|---|---|---|
r-devel-linux-x86_64-debian-clang | 2.0.7 | 366.87 | 202.38 | 569.25 | OK | |
r-devel-linux-x86_64-debian-gcc | 2.0.7 | 304.82 | 144.54 | 449.36 | OK | |
r-devel-linux-x86_64-fedora-clang | 2.0.7 | 768.25 | NOTE | |||
r-devel-linux-x86_64-fedora-gcc | 2.0.7 | 816.72 | OK | |||
r-devel-windows-x86_64 | 2.0.7 | 338.00 | 239.00 | 577.00 | OK | |
r-patched-linux-x86_64 | 2.0.7 | 308.24 | 186.24 | 494.48 | OK | |
r-release-linux-x86_64 | 2.0.7 | 324.27 | 189.34 | 513.61 | OK | |
r-release-macos-arm64 | 2.0.7 | 157.00 | NOTE | |||
r-release-macos-x86_64 | 2.0.7 | 283.00 | NOTE | |||
r-release-windows-x86_64 | 2.0.7 | 346.00 | 236.00 | 582.00 | OK | |
r-oldrel-macos-arm64 | 2.0.7 | 110.00 | NOTE | |||
r-oldrel-macos-x86_64 | 2.0.7 | 218.00 | NOTE | |||
r-oldrel-windows-ix86+x86_64 | 2.0.7 | 888.00 | 271.00 | 1159.00 | NOTE |
Version: 2.0.7
Check: installed package size
Result: NOTE
installed size is 16.5Mb
sub-directories of 1Mb or more:
R 1.1Mb
libs 14.4Mb
Flavors: r-devel-linux-x86_64-fedora-clang, r-release-macos-arm64, r-release-macos-x86_64, r-oldrel-macos-arm64, r-oldrel-macos-x86_64, r-oldrel-windows-ix86+x86_64