CRAN Package Check Results for Package nlcv

Last updated on 2021-10-18 21:55:06 CEST.

Flavor Version Tinstall Tcheck Ttotal Status Flags
r-devel-linux-x86_64-debian-clang 0.3.5 30.30 310.79 341.09 OK
r-devel-linux-x86_64-debian-gcc 0.3.5 27.14 231.73 258.87 OK
r-devel-linux-x86_64-fedora-clang 0.3.5 417.89 OK
r-devel-linux-x86_64-fedora-gcc 0.3.5 394.40 OK
r-devel-windows-x86_64 0.3.5 48.00 363.00 411.00 OK
r-devel-windows-x86_64-gcc10-UCRT 0.3.5 ERROR
r-patched-linux-x86_64 0.3.5 33.52 292.19 325.71 OK
r-patched-solaris-x86 0.3.5 569.10 OK
r-release-linux-x86_64 0.3.5 28.57 294.31 322.88 OK
r-release-macos-arm64 0.3.5 OK
r-release-macos-x86_64 0.3.5 NOTE
r-release-windows-ix86+x86_64 0.3.5 50.00 334.00 384.00 OK
r-oldrel-macos-x86_64 0.3.5 NOTE
r-oldrel-windows-ix86+x86_64 0.3.5 60.00 300.00 360.00 OK

Check Details

Version: 0.3.5
Check: package dependencies
Result: ERROR
    Package required but not available: 'MLInterfaces'
    
    See section 'The DESCRIPTION file' in the 'Writing R Extensions'
    manual.
Flavor: r-devel-windows-x86_64-gcc10-UCRT

Version: 0.3.5
Check: package dependencies
Result: NOTE
    Package suggested but not available for checking: ‘ALL’
Flavors: r-release-macos-x86_64, r-oldrel-macos-x86_64