CRAN Package Check Results for Package nimble

Last updated on 2019-09-16 06:49:23 CEST.

Flavor Version Tinstall Tcheck Ttotal Status Flags
r-devel-linux-x86_64-debian-clang 0.8.0 212.13 190.24 402.37 OK
r-devel-linux-x86_64-debian-gcc 0.8.0 184.22 148.30 332.52 OK
r-devel-linux-x86_64-fedora-clang 0.8.0 543.86 NOTE
r-devel-linux-x86_64-fedora-gcc 0.8.0 530.82 OK
r-devel-windows-ix86+x86_64 0.8.0 437.00 212.00 649.00 NOTE
r-patched-linux-x86_64 0.8.0 198.78 194.81 393.59 OK
r-patched-solaris-x86 0.8.0 829.80 NOTE
r-release-linux-x86_64 0.8.0 199.75 194.72 394.47 OK
r-release-windows-ix86+x86_64 0.8.0 351.00 274.00 625.00 NOTE
r-release-osx-x86_64 0.8.0 NOTE
r-oldrel-windows-ix86+x86_64 0.8.0 429.00 186.00 615.00 NOTE
r-oldrel-osx-x86_64 0.8.0 NOTE

Check Details

Version: 0.8.0
Check: installed package size
Result: NOTE
     installed size is 33.4Mb
     sub-directories of 1Mb or more:
     CppCode 1.1Mb
     R 5.9Mb
     classic-bugs 1.6Mb
     include 5.7Mb
     libs 16.9Mb
     tests 1.5Mb
Flavors: r-devel-linux-x86_64-fedora-clang, r-devel-windows-ix86+x86_64, r-patched-solaris-x86, r-release-windows-ix86+x86_64, r-release-osx-x86_64, r-oldrel-windows-ix86+x86_64, r-oldrel-osx-x86_64