CRAN Package Check Results for Package nimble

Last updated on 2020-01-19 19:47:58 CET.

Flavor Version Tinstall Tcheck Ttotal Status Flags
r-devel-linux-x86_64-debian-clang 0.9.0 261.93 221.93 483.86 OK
r-devel-linux-x86_64-debian-gcc 0.9.0 202.99 167.09 370.08 OK
r-devel-linux-x86_64-fedora-clang 0.9.0 614.07 NOTE
r-devel-linux-x86_64-fedora-gcc 0.9.0 581.22 OK
r-devel-windows-ix86+x86_64 0.9.0 514.00 227.00 741.00 NOTE
r-devel-windows-ix86+x86_64-gcc8 0.9.0 372.00 330.00 702.00 NOTE
r-patched-linux-x86_64 0.9.0 204.42 196.06 400.48 OK
r-patched-solaris-x86 0.9.0 844.10 NOTE
r-release-linux-x86_64 0.9.0 205.98 198.16 404.14 OK
r-release-windows-ix86+x86_64 0.9.0 464.00 268.00 732.00 NOTE
r-release-osx-x86_64 0.9.0 NOTE
r-oldrel-windows-ix86+x86_64 0.9.0 440.00 188.00 628.00 NOTE
r-oldrel-osx-x86_64 0.9.0 NOTE

Check Details

Version: 0.9.0
Check: installed package size
Result: NOTE
     installed size is 33.8Mb
     sub-directories of 1Mb or more:
     CppCode 1.1Mb
     R 6.2Mb
     classic-bugs 1.6Mb
     include 5.7Mb
     libs 17.0Mb
     tests 1.6Mb
Flavors: r-devel-linux-x86_64-fedora-clang, r-devel-windows-ix86+x86_64, r-devel-windows-ix86+x86_64-gcc8, r-patched-solaris-x86, r-release-windows-ix86+x86_64, r-release-osx-x86_64, r-oldrel-windows-ix86+x86_64, r-oldrel-osx-x86_64