CRAN Package Check Results for Package nimble

Last updated on 2022-06-26 19:50:24 CEST.

Flavor Version Tinstall Tcheck Ttotal Status Flags
r-devel-linux-x86_64-debian-clang 0.12.2 245.57 246.28 491.85 WARN
r-devel-linux-x86_64-debian-gcc 0.12.2 201.78 185.00 386.78 OK
r-devel-linux-x86_64-fedora-clang 0.12.2 668.26 WARN
r-devel-linux-x86_64-fedora-gcc 0.12.2 643.60 OK
r-devel-windows-x86_64 0.12.2 842.00 271.00 1113.00 NOTE
r-patched-linux-x86_64 0.12.2 221.09 238.29 459.38 OK
r-release-linux-x86_64 0.12.2 225.47 244.31 469.78 OK
r-release-macos-arm64 0.12.2 154.00 NOTE
r-release-macos-x86_64 0.12.2 196.00 NOTE
r-release-windows-x86_64 0.12.2 1016.00 269.00 1285.00 NOTE
r-oldrel-macos-arm64 0.12.2 160.00 NOTE
r-oldrel-macos-x86_64 0.12.2 197.00 NOTE
r-oldrel-windows-ix86+x86_64 0.12.2 480.00 304.00 784.00 NOTE

Additional issues

clang14

Check Details

Version: 0.12.2
Check: whether package can be installed
Result: WARN
    Found the following significant warnings:
     RcppUtils.cpp:48:6: warning: use of bitwise '&' with boolean operands [-Wbitwise-instead-of-logical]
     RcppNimbleUtils.cpp:298:8: warning: use of bitwise '|' with boolean operands [-Wbitwise-instead-of-logical]
     nimDists.cpp:159:6: warning: use of bitwise '|' with boolean operands [-Wbitwise-instead-of-logical]
     nimDists.cpp:189:8: warning: use of bitwise '|' with boolean operands [-Wbitwise-instead-of-logical]
     nimDists.cpp:206:6: warning: use of bitwise '|' with boolean operands [-Wbitwise-instead-of-logical]
     nimDists.cpp:236:8: warning: use of bitwise '|' with boolean operands [-Wbitwise-instead-of-logical]
     nimDists.cpp:263:6: warning: use of bitwise '|' with boolean operands [-Wbitwise-instead-of-logical]
     nimDists.cpp:315:6: warning: use of bitwise '|' with boolean operands [-Wbitwise-instead-of-logical]
     nimDists.cpp:361:6: warning: use of bitwise '|' with boolean operands [-Wbitwise-instead-of-logical]
     nimDists.cpp:380:8: warning: use of bitwise '|' with boolean operands [-Wbitwise-instead-of-logical]
     nimbleGraph.cpp:183:6: warning: use of bitwise '|' with boolean operands [-Wbitwise-instead-of-logical]
Flavors: r-devel-linux-x86_64-debian-clang, r-devel-linux-x86_64-fedora-clang

Version: 0.12.2
Check: installed package size
Result: NOTE
     installed size is 30.4Mb
     sub-directories of 1Mb or more:
     CppCode 1.2Mb
     R 6.3Mb
     classic-bugs 1.6Mb
     include 5.9Mb
     libs 14.7Mb
Flavors: r-devel-linux-x86_64-fedora-clang, r-devel-windows-x86_64, r-release-macos-arm64, r-release-macos-x86_64, r-release-windows-x86_64, r-oldrel-macos-arm64, r-oldrel-macos-x86_64, r-oldrel-windows-ix86+x86_64