CRAN Package Check Results for Package nima

Last updated on 2022-12-08 19:49:41 CET.

Flavor Version Tinstall Tcheck Ttotal Status Flags
r-devel-linux-x86_64-debian-clang 0.6.2 6.82 67.28 74.10 NOTE
r-devel-linux-x86_64-debian-gcc 0.6.2 4.03 49.82 53.85 NOTE
r-devel-linux-x86_64-fedora-clang 0.6.2 105.35 NOTE
r-devel-linux-x86_64-fedora-gcc 0.6.2 95.04 NOTE
r-devel-windows-x86_64 0.6.2 22.00 97.00 119.00 NOTE
r-patched-linux-x86_64 0.6.2 7.37 61.63 69.00 NOTE
r-release-linux-x86_64 0.6.2 6.95 62.34 69.29 NOTE
r-release-macos-arm64 0.6.2 27.00 NOTE
r-release-macos-x86_64 0.6.2 46.00 NOTE
r-release-windows-x86_64 0.6.2 17.00 94.00 111.00 NOTE
r-oldrel-macos-arm64 0.6.2 31.00 NOTE
r-oldrel-macos-x86_64 0.6.2 40.00 NOTE
r-oldrel-windows-ix86+x86_64 0.6.2 17.00 85.00 102.00 NOTE

Check Details

Version: 0.6.2
Check: LazyData
Result: NOTE
     'LazyData' is specified without a 'data' directory
Flavors: r-devel-linux-x86_64-debian-clang, r-devel-linux-x86_64-debian-gcc, r-devel-linux-x86_64-fedora-clang, r-devel-linux-x86_64-fedora-gcc, r-devel-windows-x86_64, r-patched-linux-x86_64, r-release-linux-x86_64, r-release-macos-arm64, r-release-macos-x86_64, r-release-windows-x86_64, r-oldrel-macos-arm64, r-oldrel-macos-x86_64, r-oldrel-windows-ix86+x86_64