CRAN Package Check Results for Package nhanesA

Last updated on 2020-07-14 22:48:15 CEST.

Flavor Version Tinstall Tcheck Ttotal Status Flags
r-devel-linux-x86_64-debian-clang 0.6.5 10.49 127.82 138.31 OK
r-devel-linux-x86_64-debian-gcc 0.6.5 9.42 97.91 107.33 OK
r-devel-linux-x86_64-fedora-clang 0.6.5 167.36 OK
r-devel-linux-x86_64-fedora-gcc 0.6.5 173.13 OK
r-devel-windows-ix86+x86_64 0.6.5 41.00 408.00 449.00 OK
r-patched-linux-x86_64 0.6.5 7.35 128.25 135.60 OK
r-patched-solaris-x86 0.6.5 260.10 OK
r-release-linux-x86_64 0.6.5 9.07 127.56 136.63 OK
r-release-macos-x86_64 0.6.5 ERROR
r-release-windows-ix86+x86_64 0.6.5 45.00 354.00 399.00 OK
r-oldrel-macos-x86_64 0.6.5 OK
r-oldrel-windows-ix86+x86_64 0.6.5 36.00 403.00 439.00 OK

Check Details

Version: 0.6.5
Check: whether package can be installed
Result: ERROR
    Installation failed.
Flavor: r-release-macos-x86_64