CRAN Package Check Results for Package nhanesA

Last updated on 2020-04-04 01:52:24 CEST.

Flavor Version Tinstall Tcheck Ttotal Status Flags
r-devel-linux-x86_64-debian-clang 0.6.5 10.58 131.18 141.76 OK
r-devel-linux-x86_64-debian-gcc 0.6.5 8.49 97.25 105.74 OK
r-devel-linux-x86_64-fedora-clang 0.6.5 163.31 OK
r-devel-linux-x86_64-fedora-gcc 0.6.5 164.33 OK
r-devel-windows-ix86+x86_64 0.6.5 25.00 371.00 396.00 OK
r-devel-windows-ix86+x86_64-gcc8 0.6.5 22.00 365.00 387.00 OK
r-patched-linux-x86_64 0.6.5 9.26 125.15 134.41 OK
r-patched-solaris-x86 0.6.5 238.60 WARN
r-release-linux-x86_64 0.6.5 9.46 118.02 127.48 OK
r-release-windows-ix86+x86_64 0.6.5 22.00 366.00 388.00 OK
r-release-osx-x86_64 0.6.5 OK
r-oldrel-windows-ix86+x86_64 0.6.5 15.00 364.00 379.00 OK
r-oldrel-osx-x86_64 0.6.5 OK

Check Details

Version: 0.6.5
Check: re-building of vignette outputs
Result: WARN
    Error(s) in re-building vignettes:
     ...
    --- re-building ‘Introducing_nhanesA.Rmd’ using rmarkdown
    Warning in engine$weave(file, quiet = quiet, encoding = enc) :
     Pandoc (>= 1.12.3) and/or pandoc-citeproc not available. Falling back to R Markdown v1.
    Quitting from lines 92-98 (Introducing_nhanesA.Rmd)
    Error: processing vignette 'Introducing_nhanesA.Rmd' failed with diagnostics:
    Timeout was reached: [wwwn.cdc.gov] Resolving timed out after 10002 milliseconds
    --- failed re-building ‘Introducing_nhanesA.Rmd’
    
    SUMMARY: processing the following file failed:
     ‘Introducing_nhanesA.Rmd’
    
    Error: Vignette re-building failed.
    Execution halted
Flavor: r-patched-solaris-x86