CRAN Package Check Results for Package networktools

Last updated on 2019-04-19 02:46:51 CEST.

Flavor Version Tinstall Tcheck Ttotal Status Flags
r-devel-linux-x86_64-debian-clang 1.2.0 12.19 111.60 123.79 OK
r-devel-linux-x86_64-debian-gcc 1.2.0 11.71 86.93 98.64 OK
r-devel-linux-x86_64-fedora-clang 1.2.0 157.14 NOTE
r-devel-linux-x86_64-fedora-gcc 1.2.0 152.74 NOTE
r-devel-windows-ix86+x86_64 1.2.0 48.00 186.00 234.00 OK
r-patched-linux-x86_64 1.2.0 15.29 109.95 125.24 OK
r-patched-solaris-x86 1.2.0 233.10 NOTE
r-release-linux-x86_64 1.2.0 11.16 107.71 118.87 OK
r-release-windows-ix86+x86_64 1.2.0 25.00 193.00 218.00 OK
r-release-osx-x86_64 1.2.0 NOTE
r-oldrel-windows-ix86+x86_64 1.2.0 37.00 201.00 238.00 OK
r-oldrel-osx-x86_64 1.2.0 NOTE

Check Details

Version: 1.2.0
Check: dependencies in R code
Result: NOTE
    Namespace in Imports field not imported from: ‘devtools’
     All declared Imports should be used.
Flavors: r-devel-linux-x86_64-fedora-clang, r-devel-linux-x86_64-fedora-gcc, r-patched-solaris-x86, r-release-osx-x86_64, r-oldrel-osx-x86_64