CRAN Package Check Results for Package nettskjemar

Last updated on 2024-02-29 17:22:28 CET.

Flavor Version Tinstall Tcheck Ttotal Status Flags
r-devel-linux-x86_64-debian-clang 0.1.4 6.28 65.25 71.53 NOTE
r-devel-linux-x86_64-debian-gcc 0.1.4 5.46 49.19 54.65 NOTE
r-devel-linux-x86_64-fedora-clang 0.1.4 92.66 NOTE
r-devel-linux-x86_64-fedora-gcc 0.1.4 105.03 NOTE
r-devel-windows-x86_64 0.1.4 7.00 70.00 77.00 OK
r-patched-linux-x86_64 0.1.4 6.22 61.53 67.75 OK
r-release-linux-x86_64 0.1.4 4.64 61.57 66.21 OK
r-release-macos-arm64 0.1.4 35.00 OK
r-release-macos-x86_64 0.1.4 53.00 OK
r-release-windows-x86_64 0.1.4 11.00 76.00 87.00 OK
r-oldrel-macos-arm64 0.1.4 28.00 OK
r-oldrel-windows-x86_64 0.1.4 9.00 83.00 92.00 OK

Check Details

Version: 0.1.4
Check: Rd files
Result: NOTE checkRd: (-1) nettskjema_get_data.Rd:64-65: Lost braces in \itemize; meant \describe ? checkRd: (-1) nettskjema_get_data.Rd:66-67: Lost braces in \itemize; meant \describe ? checkRd: (-1) nettskjema_get_data.Rd:68-69: Lost braces in \itemize; meant \describe ? checkRd: (-1) nettskjema_token2renviron.Rd:32: Lost braces in \itemize; meant \describe ? checkRd: (-1) nettskjema_token2renviron.Rd:33: Lost braces in \itemize; meant \describe ? checkRd: (-1) nettskjema_token2renviron.Rd:34: Lost braces in \itemize; meant \describe ? checkRd: (-1) nettskjema_write_codebook.Rd:44: Lost braces in \itemize; meant \describe ? checkRd: (-1) nettskjema_write_codebook.Rd:45: Lost braces in \itemize; meant \describe ? Flavors: r-devel-linux-x86_64-debian-clang, r-devel-linux-x86_64-debian-gcc, r-devel-linux-x86_64-fedora-clang, r-devel-linux-x86_64-fedora-gcc