CRAN Package Check Results for Package netrankr

Last updated on 2024-07-12 17:55:15 CEST.

Flavor Version Tinstall Tcheck Ttotal Status Flags
r-devel-linux-x86_64-debian-clang 1.2.3 201.59 143.71 345.30 OK
r-devel-linux-x86_64-debian-gcc 1.2.3 132.33 105.45 237.78 OK
r-devel-linux-x86_64-fedora-clang 1.2.3 497.30 OK
r-devel-linux-x86_64-fedora-gcc 1.2.3 496.47 OK
r-devel-windows-x86_64 1.2.3 155.00 150.00 305.00 OK
r-patched-linux-x86_64 1.2.3 164.79 133.83 298.62 OK
r-release-linux-x86_64 1.2.3 162.24 136.38 298.62 OK
r-release-macos-arm64 1.2.3 105.00 NOTE
r-release-macos-x86_64 1.2.3 123.00 NOTE
r-release-windows-x86_64 1.2.3 152.00 153.00 305.00 OK
r-oldrel-macos-arm64 1.2.3 113.00 NOTE
r-oldrel-macos-x86_64 1.2.3 202.00 NOTE
r-oldrel-windows-x86_64 1.2.3 187.00 183.00 370.00 OK

Check Details

Version: 1.2.3
Check: installed package size
Result: NOTE installed size is 6.7Mb sub-directories of 1Mb or more: doc 1.6Mb libs 4.9Mb Flavors: r-release-macos-arm64, r-release-macos-x86_64, r-oldrel-macos-arm64, r-oldrel-macos-x86_64