CRAN Package Check Results for Package netjack

Last updated on 2019-09-22 19:51:25 CEST.

Flavor Version Tinstall Tcheck Ttotal Status Flags
r-devel-linux-x86_64-debian-clang 1.2.0 3.21 56.69 59.90 OK
r-devel-linux-x86_64-debian-gcc 1.2.0 2.84 44.18 47.02 OK
r-devel-linux-x86_64-fedora-clang 1.2.0 71.74 NOTE
r-devel-linux-x86_64-fedora-gcc 1.2.0 78.15 NOTE
r-devel-windows-ix86+x86_64 1.2.0 17.00 99.00 116.00 OK
r-patched-linux-x86_64 1.2.0 2.66 55.36 58.02 OK
r-patched-solaris-x86 1.2.0 97.30 NOTE
r-release-linux-x86_64 1.2.0 3.46 55.36 58.82 OK
r-release-windows-ix86+x86_64 1.2.0 15.00 92.00 107.00 OK
r-release-osx-x86_64 1.2.0 NOTE
r-oldrel-windows-ix86+x86_64 1.1.1 8.00 65.00 73.00 OK
r-oldrel-osx-x86_64 1.2.0 ERROR

Check Details

Version: 1.2.0
Check: dependencies in R code
Result: NOTE
    Namespace in Imports field not imported from: ‘Rdpack’
     All declared Imports should be used.
Flavors: r-devel-linux-x86_64-fedora-clang, r-devel-linux-x86_64-fedora-gcc, r-patched-solaris-x86, r-release-osx-x86_64

Version: 1.2.0
Check: whether package can be installed
Result: ERROR
    Installation failed.
Flavor: r-oldrel-osx-x86_64