CRAN Package Check Results for Package netjack

Last updated on 2020-06-04 15:49:17 CEST.

Flavor Version Tinstall Tcheck Ttotal Status Flags
r-devel-linux-x86_64-debian-clang 1.2.0 4.68 58.60 63.28 OK
r-devel-linux-x86_64-debian-gcc 1.2.0 3.55 44.48 48.03 OK
r-devel-linux-x86_64-fedora-clang 1.2.0 82.16 NOTE
r-devel-linux-x86_64-fedora-gcc 1.2.0 74.06 NOTE
r-devel-windows-ix86+x86_64 1.2.0 18.00 102.00 120.00 OK
r-patched-linux-x86_64 1.2.0 3.52 57.95 61.47 OK
r-patched-solaris-x86 1.2.0 100.50 NOTE
r-release-linux-x86_64 1.2.0 3.89 58.48 62.37 OK
r-release-osx-x86_64 1.2.0 NOTE
r-release-windows-ix86+x86_64 1.2.0 11.00 71.00 82.00 OK
r-oldrel-osx-x86_64 1.2.0 NOTE
r-oldrel-windows-ix86+x86_64 1.2.0 13.00 96.00 109.00 OK

Check Details

Version: 1.2.0
Check: dependencies in R code
Result: NOTE
    Namespace in Imports field not imported from: ‘Rdpack’
     All declared Imports should be used.
Flavors: r-devel-linux-x86_64-fedora-clang, r-devel-linux-x86_64-fedora-gcc, r-patched-solaris-x86, r-release-osx-x86_64, r-oldrel-osx-x86_64