CRAN Package Check Results for Package netCoin

Last updated on 2022-08-13 03:52:16 CEST.

Flavor Version Tinstall Tcheck Ttotal Status Flags
r-devel-linux-x86_64-debian-clang 2.0.20 15.28 115.65 130.93 NOTE
r-devel-linux-x86_64-debian-gcc 2.0.20 12.06 86.59 98.65 NOTE
r-devel-linux-x86_64-fedora-clang 2.0.20 171.95 NOTE
r-devel-linux-x86_64-fedora-gcc 2.0.20 160.13 NOTE
r-devel-windows-x86_64 2.0.20 39.00 152.00 191.00 NOTE
r-patched-linux-x86_64 2.0.20 18.98 111.29 130.27 OK
r-release-linux-x86_64 2.0.20 9.07 109.11 118.18 OK
r-release-macos-arm64 2.0.20 45.00 NOTE
r-release-macos-x86_64 2.0.20 77.00 NOTE
r-release-windows-x86_64 2.0.20 45.00 151.00 196.00 OK
r-oldrel-macos-arm64 2.0.20 36.00 NOTE
r-oldrel-macos-x86_64 2.0.20 63.00 NOTE
r-oldrel-windows-ix86+x86_64 2.0.20 29.00 140.00 169.00 OK

Check Details

Version: 2.0.20
Check: Rd files
Result: NOTE
    checkRd: (-1) netCoin-package.Rd:38: Escaped LaTeX specials: \&
Flavors: r-devel-linux-x86_64-debian-clang, r-devel-linux-x86_64-debian-gcc, r-devel-linux-x86_64-fedora-clang, r-devel-linux-x86_64-fedora-gcc, r-devel-windows-x86_64

Version: 2.0.20
Check: data for non-ASCII characters
Result: NOTE
     Note: found 21 marked UTF-8 strings
Flavors: r-devel-linux-x86_64-fedora-clang, r-devel-linux-x86_64-fedora-gcc, r-release-macos-arm64, r-release-macos-x86_64, r-oldrel-macos-arm64, r-oldrel-macos-x86_64