CRAN Package Check Results for Package netClust

Last updated on 2021-12-04 22:59:40 CET.

Flavor Version Tinstall Tcheck Ttotal Status Flags
r-devel-linux-x86_64-debian-clang 1.0.1 50.19 39.35 89.54 OK
r-devel-linux-x86_64-debian-gcc 1.0.1 40.36 30.32 70.68 OK
r-devel-linux-x86_64-fedora-clang 1.0.1 136.40 OK
r-devel-linux-x86_64-fedora-gcc 1.0.1 117.24 OK
r-devel-windows-x86_64-new-UL 1.0.1 66.00 93.00 159.00 OK
r-devel-windows-x86_64-new-TK 1.0.1 OK
r-devel-windows-x86_64-old 1.0.1 62.00 50.00 112.00 OK
r-patched-linux-x86_64 1.0.1 47.64 29.97 77.61 OK
r-release-linux-x86_64 1.0.1 50.72 29.69 80.41 OK
r-release-macos-arm64 1.0.1 NOTE
r-release-macos-x86_64 1.0.1 NOTE
r-release-windows-ix86+x86_64 1.0.1 122.00 81.00 203.00 OK
r-oldrel-macos-x86_64 1.0.1 NOTE
r-oldrel-windows-ix86+x86_64 1.0.1 119.00 80.00 199.00 OK

Check Details

Version: 1.0.1
Check: installed package size
Result: NOTE
     installed size is 7.0Mb
     sub-directories of 1Mb or more:
     libs 6.9Mb
Flavors: r-release-macos-arm64, r-release-macos-x86_64, r-oldrel-macos-x86_64