Last updated on 2023-12-08 19:51:44 CET.
Flavor | Version | Tinstall | Tcheck | Ttotal | Status | Flags |
---|---|---|---|---|---|---|
r-devel-linux-x86_64-debian-clang | 0.1.2 | 2.87 | 37.97 | 40.84 | NOTE | |
r-devel-linux-x86_64-debian-gcc | 0.1.2 | 2.32 | 30.21 | 32.53 | NOTE | |
r-devel-linux-x86_64-fedora-clang | 0.1.2 | 53.42 | OK | |||
r-devel-linux-x86_64-fedora-gcc | 0.1.2 | 62.14 | OK | |||
r-devel-windows-x86_64 | 0.1.2 | 4.00 | 52.00 | 56.00 | OK | |
r-patched-linux-x86_64 | 0.1.2 | 3.26 | 37.71 | 40.97 | OK | |
r-release-linux-x86_64 | 0.1.2 | 2.06 | 37.32 | 39.38 | OK | |
r-release-macos-arm64 | 0.1.2 | 31.00 | OK | |||
r-release-macos-x86_64 | 0.1.2 | 49.00 | OK | |||
r-release-windows-x86_64 | 0.1.2 | 4.00 | 54.00 | 58.00 | OK | |
r-oldrel-macos-arm64 | 0.1.2 | 27.00 | OK | |||
r-oldrel-macos-x86_64 | 0.1.2 | 34.00 | OK | |||
r-oldrel-windows-x86_64 | 0.1.2 | 5.00 | 59.00 | 64.00 | OK |
Version: 0.1.2
Check: Rd files
Result: NOTE
checkRd: (-1) color_palette.Rd:16: Lost braces in \itemize; meant \describe ?
checkRd: (-1) color_palette.Rd:17: Lost braces in \itemize; meant \describe ?
checkRd: (-1) color_palette.Rd:18: Lost braces in \itemize; meant \describe ?
checkRd: (-1) color_palette.Rd:19: Lost braces in \itemize; meant \describe ?
checkRd: (-1) color_palette.Rd:26: Lost braces in \itemize; meant \describe ?
checkRd: (-1) color_palette.Rd:27: Lost braces in \itemize; meant \describe ?
checkRd: (-1) color_palette.Rd:28: Lost braces in \itemize; meant \describe ?
checkRd: (-1) color_palette.Rd:29: Lost braces in \itemize; meant \describe ?
Flavors: r-devel-linux-x86_64-debian-clang, r-devel-linux-x86_64-debian-gcc