Last updated on 2023-04-01 11:51:34 CEST.
Flavor | Version | Tinstall | Tcheck | Ttotal | Status | Flags |
---|---|---|---|---|---|---|
r-devel-linux-x86_64-debian-clang | 0.1-2 | 2.00 | 40.54 | 42.54 | OK | |
r-devel-linux-x86_64-debian-gcc | 0.1-2 | 1.67 | 31.74 | 33.41 | OK | |
r-devel-linux-x86_64-fedora-clang | 0.1-2 | 54.42 | OK | |||
r-devel-linux-x86_64-fedora-gcc | 0.1-2 | 62.09 | OK | |||
r-devel-windows-x86_64 | 0.1-2 | 4.00 | 87.00 | 91.00 | OK | |
r-patched-linux-x86_64 | 0.1-2 | 2.45 | 39.85 | 42.30 | OK | |
r-release-linux-x86_64 | 0.1-2 | 2.27 | 41.15 | 43.42 | OK | |
r-release-macos-arm64 | 0.1-2 | 20.00 | OK | |||
r-release-macos-x86_64 | 0.1-2 | 34.00 | OK | |||
r-release-windows-x86_64 | 0.1-2 | 9.00 | 95.00 | 104.00 | OK | |
r-oldrel-macos-arm64 | 0.1-2 | 21.00 | OK | |||
r-oldrel-macos-x86_64 | 0.1-2 | 34.00 | OK | |||
r-oldrel-windows-ix86+x86_64 | 0.1-2 | 6.00 | 62.00 | 68.00 | WARN |
Version: 0.1-2
Check: re-building of vignette outputs
Result: WARN
Error(s) in re-building vignettes:
--- re-building 'neighbours.Rnw' using Sweave
Loading required namespace: NMOF
Loading required namespace: quadprog
Warning in par(old.par) : graphical parameter "cin" cannot be set
Warning in par(old.par) : graphical parameter "cra" cannot be set
Warning in par(old.par) : graphical parameter "csi" cannot be set
Warning in par(old.par) : graphical parameter "cxy" cannot be set
Warning in par(old.par) : graphical parameter "din" cannot be set
Warning in par(old.par) : graphical parameter "page" cannot be set
Warning in system(paste(shQuote(texi2dvi), if (quiet) "--quiet" else "", :
running command '"D:\compiler\texmf\miktex\bin\texify.exe" --quiet --pdf "neighbours.tex" --max-iterations=20 -I "D:/RCompile/recent/R-4.1.3/share/texmf/tex/latex" -I "D:/RCompile/recent/R-4.1.3/share/texmf/bibtex/bst"' had status 1
Error: processing vignette 'neighbours.Rnw' failed with diagnostics:
running 'texi2dvi' on 'neighbours.tex' failed
LaTeX errors:
! LaTeX Error: File `libertinus.sty' not found.
Type X to quit or <RETURN> to proceed,
or enter new name. (Default extension: sty)
--- failed re-building 'neighbours.Rnw'
SUMMARY: processing the following file failed:
'neighbours.Rnw'
Error: Vignette re-building failed.
Execution halted
Flavor: r-oldrel-windows-ix86+x86_64