CRAN Package Check Results for Package needy

Last updated on 2019-07-21 07:49:15 CEST.

Flavor Version Tinstall Tcheck Ttotal Status Flags
r-devel-linux-x86_64-debian-clang 0.2 1.72 17.82 19.54 NOTE
r-devel-linux-x86_64-debian-gcc 0.2 1.37 15.03 16.40 NOTE
r-devel-linux-x86_64-fedora-clang 0.2 24.32 NOTE
r-devel-linux-x86_64-fedora-gcc 0.2 23.10 NOTE
r-devel-windows-ix86+x86_64 0.2 4.00 39.00 43.00 NOTE
r-patched-linux-x86_64 0.2 1.52 17.97 19.49 NOTE
r-patched-solaris-x86 0.2 39.00 NOTE
r-release-linux-x86_64 0.2 1.51 17.75 19.26 NOTE
r-release-windows-ix86+x86_64 0.2 4.00 33.00 37.00 NOTE
r-release-osx-x86_64 0.2 NOTE
r-oldrel-windows-ix86+x86_64 0.2 4.00 27.00 31.00 NOTE
r-oldrel-osx-x86_64 0.2 NOTE

Check Details

Version: 0.2
Check: DESCRIPTION meta-information
Result: NOTE
    BugReports field is not a suitable URL but contains an email address
     which will be used as from R 3.4.0
Flavors: r-devel-linux-x86_64-debian-clang, r-devel-linux-x86_64-debian-gcc, r-devel-linux-x86_64-fedora-clang, r-devel-linux-x86_64-fedora-gcc, r-devel-windows-ix86+x86_64, r-patched-linux-x86_64, r-patched-solaris-x86, r-release-linux-x86_64, r-release-windows-ix86+x86_64, r-release-osx-x86_64, r-oldrel-windows-ix86+x86_64, r-oldrel-osx-x86_64