CRAN Package Check Results for Package needy

Last updated on 2019-04-24 14:47:35 CEST.

Flavor Version Tinstall Tcheck Ttotal Status Flags
r-devel-linux-x86_64-debian-clang 0.2 1.45 17.73 19.18 NOTE
r-devel-linux-x86_64-debian-gcc 0.2 1.39 14.70 16.09 NOTE
r-devel-linux-x86_64-fedora-clang 0.2 23.66 NOTE
r-devel-linux-x86_64-fedora-gcc 0.2 23.33 NOTE
r-devel-windows-ix86+x86_64 0.2 7.00 31.00 38.00 NOTE
r-patched-linux-x86_64 0.2 1.72 17.95 19.67 NOTE
r-patched-solaris-x86 0.2 36.50 NOTE
r-release-linux-x86_64 0.2 0.85 16.88 17.73 NOTE
r-release-windows-ix86+x86_64 0.2 3.00 39.00 42.00 NOTE
r-release-osx-x86_64 0.2 NOTE
r-oldrel-windows-ix86+x86_64 0.2 3.00 38.00 41.00 NOTE
r-oldrel-osx-x86_64 0.2 NOTE

Check Details

Version: 0.2
Check: DESCRIPTION meta-information
Result: NOTE
    BugReports field is not a suitable URL but contains an email address
     which will be used as from R 3.4.0
Flavors: r-devel-linux-x86_64-debian-clang, r-devel-linux-x86_64-debian-gcc, r-devel-linux-x86_64-fedora-clang, r-devel-linux-x86_64-fedora-gcc, r-devel-windows-ix86+x86_64, r-patched-linux-x86_64, r-patched-solaris-x86, r-release-linux-x86_64, r-release-windows-ix86+x86_64, r-release-osx-x86_64, r-oldrel-windows-ix86+x86_64, r-oldrel-osx-x86_64