CRAN Package Check Results for Package ndl

Last updated on 2022-08-14 13:51:06 CEST.

Flavor Version Tinstall Tcheck Ttotal Status Flags
r-devel-linux-x86_64-debian-clang 0.2.18 25.36 72.07 97.43 OK
r-devel-linux-x86_64-debian-gcc 0.2.18 22.20 53.33 75.53 OK
r-devel-linux-x86_64-fedora-clang 0.2.18 142.35 NOTE
r-devel-linux-x86_64-fedora-gcc 0.2.18 129.19 NOTE
r-devel-windows-x86_64 0.2.18 39.00 128.00 167.00 OK
r-patched-linux-x86_64 0.2.18 25.19 68.11 93.30 OK
r-release-linux-x86_64 0.2.18 16.62 68.76 85.38 OK
r-release-macos-arm64 0.2.18 41.00 NOTE
r-release-macos-x86_64 0.2.18 63.00 NOTE
r-release-windows-x86_64 0.2.18 39.00 127.00 166.00 OK
r-oldrel-macos-arm64 0.2.18 52.00 NOTE
r-oldrel-macos-x86_64 0.2.18 81.00 NOTE
r-oldrel-windows-ix86+x86_64 0.2.18 67.00 151.00 218.00 OK

Check Details

Version: 0.2.18
Check: data for non-ASCII characters
Result: NOTE
     Note: found 7332 marked UTF-8 strings
Flavors: r-devel-linux-x86_64-fedora-clang, r-devel-linux-x86_64-fedora-gcc, r-release-macos-arm64, r-release-macos-x86_64, r-oldrel-macos-arm64, r-oldrel-macos-x86_64