Last updated on 2023-03-25 07:59:40 CET.
Flavor | Version | Tinstall | Tcheck | Ttotal | Status | Flags |
---|---|---|---|---|---|---|
r-devel-linux-x86_64-debian-clang | 0.1.4 | 16.12 | 143.77 | 159.89 | OK | |
r-devel-linux-x86_64-debian-gcc | 0.1.4 | 14.34 | 108.32 | 122.66 | OK | |
r-devel-linux-x86_64-fedora-clang | 0.1.4 | 201.63 | NOTE | |||
r-devel-linux-x86_64-fedora-gcc | 0.1.4 | 196.95 | OK | |||
r-patched-linux-x86_64 | 0.1.4 | 22.81 | 134.55 | 157.36 | OK | |
r-release-linux-x86_64 | 0.1.4 | 14.45 | 131.75 | 146.20 | OK | |
r-release-macos-arm64 | 0.1.4 | 45.00 | OK | |||
r-release-macos-x86_64 | 0.1.4 | 74.00 | OK | |||
r-release-windows-x86_64 | 0.1.4 | 41.00 | 174.00 | 215.00 | OK | |
r-oldrel-macos-arm64 | 0.1.4 | 49.00 | OK | |||
r-oldrel-macos-x86_64 | 0.1.4 | 74.00 | OK | |||
r-oldrel-windows-ix86+x86_64 | 0.1.4 | 36.00 | 167.00 | 203.00 | OK |
Version: 0.1.4
Check: Rd cross-references
Result: NOTE
Undeclared package ‘DescTools’ in Rd xrefs
Flavor: r-devel-linux-x86_64-fedora-clang