CRAN Package Check Results for Package ncpen

Last updated on 2021-12-04 08:50:53 CET.

Flavor Version Tinstall Tcheck Ttotal Status Flags
r-devel-linux-x86_64-debian-clang 1.0.0 62.17 51.06 113.23 NOTE
r-devel-linux-x86_64-debian-gcc 1.0.0 50.81 40.53 91.34 NOTE
r-devel-linux-x86_64-fedora-clang 1.0.0 169.37 NOTE
r-devel-linux-x86_64-fedora-gcc 1.0.0 149.40 NOTE
r-devel-windows-x86_64-new-UL 1.0.0 85.00 105.00 190.00 NOTE
r-devel-windows-x86_64-new-TK 1.0.0 NOTE
r-devel-windows-x86_64-old 1.0.0 82.00 64.00 146.00 NOTE
r-patched-linux-x86_64 1.0.0 56.87 41.38 98.25 NOTE
r-release-linux-x86_64 1.0.0 56.26 41.26 97.52 NOTE
r-release-macos-arm64 1.0.0 NOTE
r-release-macos-x86_64 1.0.0 NOTE
r-release-windows-ix86+x86_64 1.0.0 158.00 101.00 259.00 NOTE
r-oldrel-macos-x86_64 1.0.0 NOTE
r-oldrel-windows-ix86+x86_64 1.0.0 156.00 101.00 257.00 OK

Check Details

Version: 1.0.0
Check: LazyData
Result: NOTE
     'LazyData' is specified without a 'data' directory
Flavors: r-devel-linux-x86_64-debian-clang, r-devel-linux-x86_64-debian-gcc, r-devel-linux-x86_64-fedora-clang, r-devel-linux-x86_64-fedora-gcc, r-devel-windows-x86_64-new-UL, r-devel-windows-x86_64-new-TK, r-devel-windows-x86_64-old, r-patched-linux-x86_64, r-release-linux-x86_64, r-release-macos-arm64, r-release-macos-x86_64, r-release-windows-ix86+x86_64

Version: 1.0.0
Check: installed package size
Result: NOTE
     installed size is 6.1Mb
     sub-directories of 1Mb or more:
     libs 5.9Mb
Flavors: r-devel-linux-x86_64-fedora-clang, r-release-macos-arm64, r-release-macos-x86_64, r-oldrel-macos-x86_64