Last updated on 2022-05-27 19:54:00 CEST.
Flavor | Version | Tinstall | Tcheck | Ttotal | Status | Flags |
---|---|---|---|---|---|---|
r-devel-linux-x86_64-debian-clang | 2020.8.6 | 3.01 | 84.55 | 87.56 | NOTE | |
r-devel-linux-x86_64-debian-gcc | 2020.8.6 | 2.59 | 57.67 | 60.26 | NOTE | |
r-devel-linux-x86_64-fedora-clang | 2020.8.6 | 99.36 | NOTE | |||
r-devel-linux-x86_64-fedora-gcc | 2020.8.6 | 79.28 | NOTE | |||
r-devel-windows-x86_64 | 2020.8.6 | 32.00 | 142.00 | 174.00 | NOTE | |
r-patched-linux-x86_64 | 2020.8.6 | 2.87 | 72.50 | 75.37 | NOTE | |
r-release-linux-x86_64 | 2020.8.6 | 2.39 | 72.35 | 74.74 | NOTE | |
r-release-macos-arm64 | 2020.8.6 | 28.00 | NOTE | |||
r-release-macos-x86_64 | 2020.8.6 | 43.00 | NOTE | |||
r-release-windows-x86_64 | 2020.8.6 | 23.00 | 161.00 | 184.00 | NOTE | |
r-oldrel-macos-arm64 | 2020.8.6 | 44.00 | NOTE | |||
r-oldrel-macos-x86_64 | 2020.8.6 | 61.00 | NOTE | |||
r-oldrel-windows-ix86+x86_64 | 2020.8.6 | 7.00 | 97.00 | 104.00 | OK |
Version: 2020.8.6
Check: package dependencies
Result: NOTE
Package suggested but not available for checking: 're2r'
Flavors: r-devel-linux-x86_64-debian-clang, r-devel-linux-x86_64-debian-gcc, r-devel-linux-x86_64-fedora-clang, r-devel-linux-x86_64-fedora-gcc, r-devel-windows-x86_64, r-patched-linux-x86_64, r-release-linux-x86_64, r-release-macos-arm64, r-release-macos-x86_64, r-release-windows-x86_64, r-oldrel-macos-arm64, r-oldrel-macos-x86_64