CRAN Package Check Results for Package nbconvertR

Last updated on 2024-04-14 14:49:14 CEST.

Flavor Version Tinstall Tcheck Ttotal Status Flags
r-devel-linux-x86_64-debian-clang 1.3.2 1.38 41.46 42.84 NOTE
r-devel-linux-x86_64-debian-gcc 1.3.2 1.55 31.86 33.41 NOTE
r-devel-linux-x86_64-fedora-clang 1.3.2 55.49 NOTE
r-devel-linux-x86_64-fedora-gcc 1.3.2 53.65 NOTE
r-devel-windows-x86_64 1.3.2 3.00 39.00 42.00 NOTE
r-patched-linux-x86_64 1.3.2 1.73 40.45 42.18 NOTE
r-release-linux-x86_64 1.3.2 1.87 39.45 41.32 OK
r-release-macos-arm64 1.3.2 15.00 OK
r-release-macos-x86_64 1.3.2 19.00 OK
r-release-windows-x86_64 1.3.2 4.00 37.00 41.00 OK
r-oldrel-macos-arm64 1.3.2 18.00 OK
r-oldrel-windows-x86_64 1.3.2 5.00 42.00 47.00 OK

Check Details

Version: 1.3.2
Check: Rd files
Result: NOTE checkRd: (-1) nbconvert.Rd:49: Lost braces in \enumerate; meant \describe ? checkRd: (-1) nbconvert.Rd:50: Lost braces in \enumerate; meant \describe ? Flavors: r-devel-linux-x86_64-debian-clang, r-devel-linux-x86_64-debian-gcc, r-devel-linux-x86_64-fedora-clang, r-devel-linux-x86_64-fedora-gcc, r-devel-windows-x86_64, r-patched-linux-x86_64