CRAN Package Check Results for Package nawtilus

Last updated on 2020-10-21 13:49:59 CEST.

Flavor Version Tinstall Tcheck Ttotal Status Flags
r-devel-linux-x86_64-debian-clang 0.1.4 5.16 36.48 41.64 OK
r-devel-linux-x86_64-debian-gcc 0.1.4 4.57 27.91 32.48 OK
r-devel-linux-x86_64-fedora-clang 0.1.4 64.44 NOTE
r-devel-linux-x86_64-fedora-gcc 0.1.4 50.42 OK
r-devel-windows-ix86+x86_64 0.1.4 10.00 53.00 63.00 OK
r-patched-linux-x86_64 0.1.4 5.54 34.14 39.68 OK
r-patched-solaris-x86 0.1.4 67.10 OK
r-release-linux-x86_64 0.1.4 5.71 33.58 39.29 OK
r-release-macos-x86_64 0.1.4 OK
r-release-windows-ix86+x86_64 0.1.4 8.00 39.00 47.00 OK
r-oldrel-macos-x86_64 0.1.4 OK
r-oldrel-windows-ix86+x86_64 0.1.4 9.00 39.00 48.00 OK

Check Details

Version: 0.1.4
Check: Rd cross-references
Result: NOTE
    Undeclared package ‘CBPS’ in Rd xrefs
Flavor: r-devel-linux-x86_64-fedora-clang