CRAN Package Check Results for Package nat

Last updated on 2020-08-12 21:49:49 CEST.

Flavor Version Tinstall Tcheck Ttotal Status Flags
r-devel-linux-x86_64-debian-clang 1.8.14 16.20 146.46 162.66 OK
r-devel-linux-x86_64-debian-gcc 1.8.14 13.35 111.46 124.81 OK
r-devel-linux-x86_64-fedora-clang 1.8.14 198.93 OK
r-devel-linux-x86_64-fedora-gcc 1.8.14 190.90 OK
r-devel-windows-ix86+x86_64 1.8.14 28.00 225.00 253.00 OK
r-patched-linux-x86_64 1.8.14 17.18 146.64 163.82 OK
r-patched-solaris-x86 1.8.14 242.60 OK
r-release-linux-x86_64 1.8.14 18.16 146.40 164.56 OK
r-release-macos-x86_64 1.8.14 OK
r-release-windows-ix86+x86_64 1.8.14 47.00 156.00 203.00 OK
r-oldrel-macos-x86_64 1.8.14 WARN
r-oldrel-windows-ix86+x86_64 1.8.14 26.00 142.00 168.00 OK

Check Details

Version: 1.8.14
Check: whether package can be installed
Result: WARN
    Found the following significant warnings:
     Warning: 'rgl_init' failed, running with rgl.useNULL = TRUE
Flavor: r-oldrel-macos-x86_64

Version: 1.8.14
Check: dependencies in R code
Result: NOTE
    No protocol specified
Flavor: r-oldrel-macos-x86_64

Version: 1.8.14
Check: S3 generic/method consistency
Result: WARN
    No protocol specified
    See section ‘Generic functions and methods’ in the ‘Writing R
    Extensions’ manual.
Flavor: r-oldrel-macos-x86_64

Version: 1.8.14
Check: replacement functions
Result: WARN
    No protocol specified
    The argument of a replacement function which corresponds to the right
    hand side must be named ‘value’.
Flavor: r-oldrel-macos-x86_64

Version: 1.8.14
Check: foreign function calls
Result: NOTE
    No protocol specified
    See chapter ‘System and foreign language interfaces’ in the ‘Writing R
    Extensions’ manual.
Flavor: r-oldrel-macos-x86_64

Version: 1.8.14
Check: R code for possible problems
Result: NOTE
    No protocol specified
Flavor: r-oldrel-macos-x86_64

Version: 1.8.14
Check: for missing documentation entries
Result: WARN
    No protocol specified
    All user-level objects in a package should have documentation entries.
    See chapter ‘Writing R documentation files’ in the ‘Writing R
    Extensions’ manual.
Flavor: r-oldrel-macos-x86_64

Version: 1.8.14
Check: for code/documentation mismatches
Result: WARN
    No protocol specified
    No protocol specified
    No protocol specified
Flavor: r-oldrel-macos-x86_64

Version: 1.8.14
Check: Rd \usage sections
Result: NOTE
    No protocol specified
    The \usage entries for S3 methods should use the \method markup and not
    their full name.
    See chapter ‘Writing R documentation files’ in the ‘Writing R
    Extensions’ manual.
Flavor: r-oldrel-macos-x86_64