CRAN Package Check Results for Package nat

Last updated on 2020-01-25 06:51:16 CET.

Flavor Version Tinstall Tcheck Ttotal Status Flags
r-devel-linux-x86_64-debian-clang 1.8.13 16.27 141.99 158.26 OK
r-devel-linux-x86_64-debian-gcc 1.8.13 14.76 108.43 123.19 OK
r-devel-linux-x86_64-fedora-clang 1.8.13 187.31 OK
r-devel-linux-x86_64-fedora-gcc 1.8.13 185.31 OK
r-devel-windows-ix86+x86_64 1.8.13 60.00 212.00 272.00 OK
r-devel-windows-ix86+x86_64-gcc8 1.8.13 42.00 171.00 213.00 OK
r-patched-linux-x86_64 1.8.13 14.64 127.58 142.22 OK
r-patched-solaris-x86 1.8.13 222.10 OK
r-release-linux-x86_64 1.8.13 16.41 129.46 145.87 OK
r-release-windows-ix86+x86_64 1.8.13 24.00 161.00 185.00 OK
r-release-osx-x86_64 1.8.13 WARN
r-oldrel-windows-ix86+x86_64 1.8.13 22.00 128.00 150.00 OK
r-oldrel-osx-x86_64 1.8.13 WARN

Check Details

Version: 1.8.13
Check: whether package can be installed
Result: WARN
    Found the following significant warnings:
     Warning: 'rgl_init' failed, running with rgl.useNULL = TRUE
Flavors: r-release-osx-x86_64, r-oldrel-osx-x86_64

Version: 1.8.13
Check: dependencies in R code
Result: NOTE
    No protocol specified
Flavors: r-release-osx-x86_64, r-oldrel-osx-x86_64

Version: 1.8.13
Check: S3 generic/method consistency
Result: WARN
    No protocol specified
    See section ‘Generic functions and methods’ in the ‘Writing R
    Extensions’ manual.
Flavors: r-release-osx-x86_64, r-oldrel-osx-x86_64

Version: 1.8.13
Check: replacement functions
Result: WARN
    No protocol specified
    The argument of a replacement function which corresponds to the right
    hand side must be named ‘value’.
Flavors: r-release-osx-x86_64, r-oldrel-osx-x86_64

Version: 1.8.13
Check: foreign function calls
Result: NOTE
    No protocol specified
    See chapter ‘System and foreign language interfaces’ in the ‘Writing R
    Extensions’ manual.
Flavors: r-release-osx-x86_64, r-oldrel-osx-x86_64

Version: 1.8.13
Check: R code for possible problems
Result: NOTE
    No protocol specified
Flavors: r-release-osx-x86_64, r-oldrel-osx-x86_64

Version: 1.8.13
Check: for missing documentation entries
Result: WARN
    No protocol specified
    All user-level objects in a package should have documentation entries.
    See chapter ‘Writing R documentation files’ in the ‘Writing R
    Extensions’ manual.
Flavors: r-release-osx-x86_64, r-oldrel-osx-x86_64

Version: 1.8.13
Check: for code/documentation mismatches
Result: WARN
    No protocol specified
    No protocol specified
    No protocol specified
Flavors: r-release-osx-x86_64, r-oldrel-osx-x86_64

Version: 1.8.13
Check: Rd \usage sections
Result: NOTE
    No protocol specified
    The \usage entries for S3 methods should use the \method markup and not
    their full name.
    See chapter ‘Writing R documentation files’ in the ‘Writing R
    Extensions’ manual.
Flavors: r-release-osx-x86_64, r-oldrel-osx-x86_64