CRAN Package Check Results for Package nasapower

Last updated on 2021-09-19 02:50:26 CEST.

Flavor Version Tinstall Tcheck Ttotal Status Flags
r-devel-linux-x86_64-debian-clang 4.0.0 2.56 29.63 32.19 OK
r-devel-linux-x86_64-debian-gcc 4.0.0 2.03 23.15 25.18 OK
r-devel-linux-x86_64-fedora-clang 4.0.0 48.41 OK
r-devel-linux-x86_64-fedora-gcc 4.0.0 38.10 OK
r-devel-windows-x86_64 4.0.0 4.00 52.00 56.00 OK
r-devel-windows-x86_64-gcc10-UCRT 4.0.0 ERROR
r-patched-linux-x86_64 4.0.0 2.68 28.83 31.51 OK
r-patched-solaris-x86 4.0.0 57.90 OK
r-release-linux-x86_64 4.0.0 2.19 28.41 30.60 OK
r-release-macos-arm64 4.0.0 OK
r-release-macos-x86_64 4.0.0 OK
r-release-windows-ix86+x86_64 4.0.0 6.00 38.00 44.00 OK
r-oldrel-macos-x86_64 4.0.0 OK
r-oldrel-windows-ix86+x86_64 4.0.0 6.00 33.00 39.00 OK

Check Details

Version: 4.0.0
Check: whether package can be installed
Result: WARN
    Found the following significant warnings:
     WARNING: installation-time patches will not be applied, could not get the patches index
Flavor: r-devel-windows-x86_64-gcc10-UCRT

Version: 4.0.0
Check: PDF version of manual
Result: WARN
    LaTeX errors when creating PDF version.
    This typically indicates Rd problems.
Flavor: r-devel-windows-x86_64-gcc10-UCRT

Version: 4.0.0
Check: PDF version of manual without hyperrefs or index
Result: ERROR
    Re-running with no redirection of stdout/stderr.
Flavor: r-devel-windows-x86_64-gcc10-UCRT