CRAN Package Check Results for Package nanop

Last updated on 2022-12-02 05:00:10 CET.

Flavor Version Tinstall Tcheck Ttotal Status Flags
r-devel-linux-x86_64-debian-clang 2.0-6 9.11 66.83 75.94 WARN
r-devel-linux-x86_64-debian-gcc 2.0-6 8.51 49.10 57.61 OK
r-devel-linux-x86_64-fedora-clang 2.0-6 112.04 WARN
r-devel-linux-x86_64-fedora-gcc 2.0-6 112.74 NOTE
r-devel-windows-x86_64 2.0-6 14.00 93.00 107.00 OK
r-patched-linux-x86_64 2.0-6 8.31 64.16 72.47 OK
r-release-linux-x86_64 2.0-6 8.43 64.03 72.46 OK
r-release-macos-arm64 2.0-6 31.00 OK
r-release-macos-x86_64 2.0-6 39.00 OK
r-release-windows-x86_64 2.0-6 18.00 95.00 113.00 OK
r-oldrel-macos-arm64 2.0-6 40.00 OK
r-oldrel-macos-x86_64 2.0-6 47.00 OK
r-oldrel-windows-ix86+x86_64 2.0-6 21.00 114.00 135.00 OK

Check Details

Version: 2.0-6
Check: whether package can be installed
Result: WARN
    Found the following significant warnings:
     pdf_debye.c:1039:162: warning: invalid UTF-8 in comment [-Winvalid-utf8]
Flavors: r-devel-linux-x86_64-debian-clang, r-devel-linux-x86_64-fedora-clang

Version: 2.0-6
Check: compiled code
Result: NOTE
    File ‘nanop/libs/nanop.so’:
     Found no calls to: ‘R_registerRoutines’, ‘R_useDynamicSymbols’
    
    It is good practice to register native routines and to disable symbol
    search.
    
    See ‘Writing portable packages’ in the ‘Writing R Extensions’ manual.
Flavors: r-devel-linux-x86_64-fedora-clang, r-devel-linux-x86_64-fedora-gcc