CRAN Package Check Results for Package namedCapture

Last updated on 2022-09-29 01:50:50 CEST.

Flavor Version Tinstall Tcheck Ttotal Status Flags
r-devel-linux-x86_64-debian-clang 2020.4.1 2.48 32.75 35.23 NOTE
r-devel-linux-x86_64-debian-gcc 2020.4.1 1.67 25.66 27.33 NOTE
r-devel-linux-x86_64-fedora-clang 2020.4.1 56.75 NOTE
r-devel-linux-x86_64-fedora-gcc 2020.4.1 55.38 NOTE
r-devel-windows-x86_64 2020.4.1 29.00 72.00 101.00 NOTE
r-patched-linux-x86_64 2020.4.1 2.59 31.71 34.30 NOTE
r-release-linux-x86_64 2020.4.1 1.89 32.02 33.91 NOTE
r-release-macos-arm64 2020.4.1 17.00 NOTE
r-release-macos-x86_64 2020.4.1 27.00 NOTE
r-release-windows-x86_64 2020.4.1 37.00 68.00 105.00 NOTE
r-oldrel-macos-arm64 2020.4.1 26.00 NOTE
r-oldrel-macos-x86_64 2020.4.1 38.00 NOTE
r-oldrel-windows-ix86+x86_64 2020.4.1 6.00 61.00 67.00 OK

Check Details

Version: 2020.4.1
Check: package dependencies
Result: NOTE
    Package suggested but not available for checking: 're2r'
Flavors: r-devel-linux-x86_64-debian-clang, r-devel-linux-x86_64-debian-gcc, r-devel-linux-x86_64-fedora-clang, r-devel-linux-x86_64-fedora-gcc, r-devel-windows-x86_64, r-patched-linux-x86_64, r-release-linux-x86_64, r-release-macos-arm64, r-release-macos-x86_64, r-release-windows-x86_64, r-oldrel-macos-arm64, r-oldrel-macos-x86_64