CRAN Package Check Results for Package nadiv

Last updated on 2022-01-25 01:53:15 CET.

Flavor Version Tinstall Tcheck Ttotal Status Flags
r-devel-linux-x86_64-debian-clang 2.17.1 26.54 88.92 115.46 NOTE
r-devel-linux-x86_64-debian-gcc 2.17.1 19.04 68.45 87.49 NOTE
r-devel-linux-x86_64-fedora-clang 2.17.1 156.89 NOTE
r-devel-linux-x86_64-fedora-gcc 2.17.1 134.36 NOTE
r-devel-windows-x86_64-new-UL 2.17.1 84.00 135.00 219.00 NOTE
r-devel-windows-x86_64-new-TK 2.17.1 NOTE
r-patched-linux-x86_64 2.17.1 20.69 86.26 106.95 NOTE
r-release-linux-x86_64 2.17.1 19.89 87.38 107.27 NOTE
r-release-macos-arm64 2.17.1 NOTE
r-release-macos-x86_64 2.17.1 NOTE
r-release-windows-ix86+x86_64 2.17.1 61.00 146.00 207.00 NOTE
r-oldrel-macos-x86_64 2.17.1 NOTE
r-oldrel-windows-ix86+x86_64 2.17.1 61.00 143.00 204.00 NOTE

Check Details

Version: 2.17.1
Check: package dependencies
Result: NOTE
    Package which this enhances but not available for checking: 'asreml'
Flavors: r-devel-linux-x86_64-debian-clang, r-devel-linux-x86_64-debian-gcc, r-devel-linux-x86_64-fedora-clang, r-devel-linux-x86_64-fedora-gcc, r-devel-windows-x86_64-new-UL, r-devel-windows-x86_64-new-TK, r-patched-linux-x86_64, r-release-linux-x86_64, r-release-macos-arm64, r-release-macos-x86_64, r-release-windows-ix86+x86_64, r-oldrel-macos-x86_64, r-oldrel-windows-ix86+x86_64