CRAN Package Check Results for Package naaccr

Last updated on 2020-04-05 05:47:18 CEST.

Flavor Version Tinstall Tcheck Ttotal Status Flags
r-devel-linux-x86_64-debian-clang 1.0.0 3.96 155.79 159.75 OK
r-devel-linux-x86_64-debian-gcc 1.0.0 3.44 226.66 230.10 OK
r-devel-linux-x86_64-fedora-clang 1.0.0 130.94 NOTE
r-devel-linux-x86_64-fedora-gcc 1.0.0 142.33 NOTE
r-devel-windows-ix86+x86_64 1.0.0 7.00 90.00 97.00 OK
r-devel-windows-ix86+x86_64-gcc8 1.0.0 9.00 77.00 86.00 OK
r-patched-linux-x86_64 1.0.0 4.02 200.80 204.82 OK
r-patched-solaris-x86 1.0.0 123.00 NOTE
r-release-linux-x86_64 1.0.0 3.08 189.93 193.01 OK
r-release-windows-ix86+x86_64 1.0.0 8.00 98.00 106.00 OK
r-release-osx-x86_64 1.0.0 NOTE
r-oldrel-windows-ix86+x86_64 1.0.0 8.00 94.00 102.00 OK
r-oldrel-osx-x86_64 1.0.0 NOTE

Check Details

Version: 1.0.0
Check: data for non-ASCII characters
Result: NOTE
     Note: found 50 marked UTF-8 strings
Flavors: r-devel-linux-x86_64-fedora-clang, r-devel-linux-x86_64-fedora-gcc, r-patched-solaris-x86, r-release-osx-x86_64, r-oldrel-osx-x86_64