CRAN Package Check Results for Package nCopula

Last updated on 2019-05-22 07:49:55 CEST.

Flavor Version Tinstall Tcheck Ttotal Status Flags
r-devel-linux-x86_64-debian-clang 0.1.1 9.58 64.30 73.88 OK
r-devel-linux-x86_64-debian-gcc 0.1.1 6.12 51.72 57.84 OK
r-devel-linux-x86_64-fedora-clang 0.1.1 90.03 NOTE
r-devel-linux-x86_64-fedora-gcc 0.1.1 85.28 NOTE
r-devel-windows-ix86+x86_64 0.1.1 16.00 110.00 126.00 OK
r-patched-linux-x86_64 0.1.1 10.00 64.11 74.11 OK
r-patched-solaris-x86 0.1.1 145.30 NOTE
r-release-linux-x86_64 0.1.1 9.66 64.71 74.37 OK
r-release-windows-ix86+x86_64 0.1.1 22.00 94.00 116.00 OK
r-release-osx-x86_64 0.1.1 NOTE
r-oldrel-windows-ix86+x86_64 0.1.1 11.00 70.00 81.00 OK
r-oldrel-osx-x86_64 0.1.1 NOTE

Check Details

Version: 0.1.1
Check: dependencies in R code
Result: NOTE
    Namespaces in Imports field not imported from:
     ‘Deriv’ ‘compiler’ ‘stringi’
     All declared Imports should be used.
Flavors: r-devel-linux-x86_64-fedora-clang, r-devel-linux-x86_64-fedora-gcc, r-patched-solaris-x86, r-release-osx-x86_64, r-oldrel-osx-x86_64