Last updated on 2023-12-11 18:53:35 CET.
Flavor | Version | Tinstall | Tcheck | Ttotal | Status | Flags |
---|---|---|---|---|---|---|
r-devel-linux-x86_64-debian-clang | 1.4.0 | 20.04 | 84.91 | 104.95 | NOTE | |
r-devel-linux-x86_64-debian-gcc | 1.4.0 | 15.33 | 63.88 | 79.21 | NOTE | |
r-devel-linux-x86_64-fedora-clang | 1.4.0 | 130.47 | OK | |||
r-devel-linux-x86_64-fedora-gcc | 1.4.0 | 133.07 | OK | |||
r-devel-windows-x86_64 | 1.4.0 | 16.00 | 82.00 | 98.00 | OK | |
r-patched-linux-x86_64 | 1.4.0 | 16.85 | 82.48 | 99.33 | OK | |
r-release-linux-x86_64 | 1.4.0 | 17.07 | 80.64 | 97.71 | OK | |
r-release-macos-arm64 | 1.4.0 | 53.00 | OK | |||
r-release-macos-x86_64 | 1.4.0 | 118.00 | OK | |||
r-release-windows-x86_64 | 1.4.0 | 22.00 | 87.00 | 109.00 | OK | |
r-oldrel-macos-arm64 | 1.4.0 | 39.00 | OK | |||
r-oldrel-macos-x86_64 | 1.4.0 | 51.00 | OK | |||
r-oldrel-windows-x86_64 | 1.4.0 | 21.00 | 92.00 | 113.00 | OK |
Version: 1.4.0
Check: Rd files
Result: NOTE
checkRd: (-1) mzipmed_data.Rd:22: Lost braces; missing escapes or markup?
22 | @source {Simulated to serve as an example}
| ^
Flavors: r-devel-linux-x86_64-debian-clang, r-devel-linux-x86_64-debian-gcc