CRAN Package Check Results for Package mwshiny

Last updated on 2022-05-19 07:50:14 CEST.

Flavor Version Tinstall Tcheck Ttotal Status Flags
r-devel-linux-x86_64-debian-clang 2.1.0 3.77 52.24 56.01 NOTE
r-devel-linux-x86_64-debian-gcc 2.1.0 3.32 41.21 44.53 NOTE
r-devel-linux-x86_64-fedora-clang 2.1.0 67.57 NOTE
r-devel-linux-x86_64-fedora-gcc 2.1.0 66.96 NOTE
r-devel-windows-x86_64 2.1.0 14.00 75.00 89.00 NOTE
r-patched-linux-x86_64 2.1.0 4.06 51.86 55.92 NOTE
r-release-linux-x86_64 2.1.0 4.01 50.90 54.91 NOTE
r-release-macos-arm64 2.1.0 22.00 NOTE
r-release-macos-x86_64 2.1.0 46.00 NOTE
r-release-windows-x86_64 2.1.0 15.00 78.00 93.00 NOTE
r-oldrel-macos-arm64 2.1.0 31.00 NOTE
r-oldrel-macos-x86_64 2.1.0 44.00 NOTE
r-oldrel-windows-ix86+x86_64 2.1.0 13.00 66.00 79.00 NOTE

Check Details

Version: 2.1.0
Check: LazyData
Result: NOTE
     'LazyData' is specified without a 'data' directory
Flavors: r-devel-linux-x86_64-debian-clang, r-devel-linux-x86_64-debian-gcc, r-devel-linux-x86_64-fedora-clang, r-devel-linux-x86_64-fedora-gcc, r-devel-windows-x86_64, r-patched-linux-x86_64, r-release-linux-x86_64, r-release-macos-arm64, r-release-macos-x86_64, r-release-windows-x86_64, r-oldrel-macos-arm64, r-oldrel-macos-x86_64, r-oldrel-windows-ix86+x86_64