CRAN Package Check Results for Package mvnfast

Last updated on 2019-06-24 15:48:19 CEST.

Flavor Version Tinstall Tcheck Ttotal Status Flags
r-devel-linux-x86_64-debian-clang 0.2.5 92.89 251.94 344.83 NOTE
r-devel-linux-x86_64-debian-gcc 0.2.5 77.47 173.24 250.71 NOTE
r-devel-linux-x86_64-fedora-clang 0.2.5 448.56 NOTE
r-devel-linux-x86_64-fedora-gcc 0.2.5 374.29 NOTE
r-devel-windows-ix86+x86_64 0.2.5 272.00 361.00 633.00 NOTE
r-patched-linux-x86_64 0.2.5 93.86 211.68 305.54 NOTE
r-patched-solaris-x86 0.2.5 387.00 NOTE --no-vignettes
r-release-linux-x86_64 0.2.5 91.95 212.85 304.80 NOTE
r-release-windows-ix86+x86_64 0.2.5 214.00 366.00 580.00 NOTE
r-release-osx-x86_64 0.2.5 NOTE
r-oldrel-windows-ix86+x86_64 0.2.5 204.00 314.00 518.00 OK
r-oldrel-osx-x86_64 0.2.5 OK

Check Details

Version: 0.2.5
Check: line endings in C/C++/Fortran sources/headers
Result: NOTE
    Found the following sources/headers not terminated with a newline:
     src/sitmo/sitmo.hpp
    Some compilers warn on such files.
Flavors: r-devel-linux-x86_64-debian-clang, r-devel-linux-x86_64-debian-gcc, r-devel-linux-x86_64-fedora-clang, r-devel-linux-x86_64-fedora-gcc, r-devel-windows-ix86+x86_64, r-patched-linux-x86_64, r-release-linux-x86_64, r-release-windows-ix86+x86_64, r-release-osx-x86_64

Version: 0.2.5
Flags: --no-vignettes
Check: line endings in C/C++/Fortran sources/headers
Result: NOTE
    Found the following sources/headers not terminated with a newline:
     src/sitmo/sitmo.hpp
    Some compilers warn on such files.
Flavor: r-patched-solaris-x86