CRAN Package Check Results for Package mvnfast

Last updated on 2019-04-20 02:54:32 CEST.

Flavor Version Tinstall Tcheck Ttotal Status Flags
r-devel-linux-x86_64-debian-clang 0.2.5 98.10 246.42 344.52 NOTE
r-devel-linux-x86_64-debian-gcc 0.2.5 80.20 173.12 253.32 NOTE
r-devel-linux-x86_64-fedora-clang 0.2.5 448.30 NOTE
r-devel-linux-x86_64-fedora-gcc 0.2.5 375.81 NOTE
r-devel-windows-ix86+x86_64 0.2.5 261.00 409.00 670.00 NOTE
r-patched-linux-x86_64 0.2.5 90.14 209.15 299.29 NOTE
r-patched-solaris-x86 0.2.5 378.10 NOTE --no-vignettes
r-release-linux-x86_64 0.2.5 93.21 209.46 302.67 OK
r-release-windows-ix86+x86_64 0.2.5 202.00 414.00 616.00 OK
r-release-osx-x86_64 0.2.5 OK
r-oldrel-windows-ix86+x86_64 0.2.5 190.00 486.00 676.00 OK
r-oldrel-osx-x86_64 0.2.5 OK

Check Details

Version: 0.2.5
Check: line endings in C/C++/Fortran sources/headers
Result: NOTE
    Found the following sources/headers not terminated with a newline:
     src/sitmo/sitmo.hpp
    Some compilers warn on such files.
Flavors: r-devel-linux-x86_64-debian-clang, r-devel-linux-x86_64-debian-gcc, r-devel-linux-x86_64-fedora-clang, r-devel-linux-x86_64-fedora-gcc, r-devel-windows-ix86+x86_64, r-patched-linux-x86_64

Version: 0.2.5
Flags: --no-vignettes
Check: line endings in C/C++/Fortran sources/headers
Result: NOTE
    Found the following sources/headers not terminated with a newline:
     src/sitmo/sitmo.hpp
    Some compilers warn on such files.
Flavor: r-patched-solaris-x86